{"id":10,"date":"2021-02-06T20:34:50","date_gmt":"2021-02-06T19:34:50","guid":{"rendered":"http:\/\/editorialalegoria.com\/web\/?page_id=10"},"modified":"2025-07-02T12:15:16","modified_gmt":"2025-07-02T10:15:16","slug":"editorial-alegoria","status":"publish","type":"page","link":"https:\/\/editorialalegoria.com\/web\/","title":{"rendered":"Editorial Alegor\u00eda"},"content":{"rendered":"<p>[et_pb_section fb_built=\u00bb1&#8243; _builder_version=\u00bb4.16&#8243; _module_preset=\u00bbdefault\u00bb background_color=\u00bbRGBA(0,0,0,0)\u00bb background_image=\u00bbhttps:\/\/editorialalegoria.com\/web\/wp-content\/uploads\/img-fondo-literatura.jpg\u00bb background_blend=\u00bbmultiply\u00bb custom_padding=\u00bb37px||37px||true|false\u00bb global_colors_info=\u00bb{}\u00bb][et_pb_row column_structure=\u00bb1_4,1_4,1_2&#8243; _builder_version=\u00bb4.16&#8243; _module_preset=\u00bbdefault\u00bb background_color=\u00bbrgba(255,255,255,0.54)\u00bb width=\u00bb90%\u00bb module_alignment=\u00bbcenter\u00bb custom_padding=\u00bb3.8%|1.5%|3.8%|1.5%|true|true\u00bb box_shadow_style=\u00bbpreset2&#8243; global_colors_info=\u00bb{}\u00bb][et_pb_column type=\u00bb1_4&#8243; _builder_version=\u00bb4.16&#8243; _module_preset=\u00bbdefault\u00bb custom_padding_tablet=\u00bb\u00bb custom_padding_phone=\u00bb10px|10px|10px|10px|false|false\u00bb custom_padding_last_edited=\u00bbon|phone\u00bb global_colors_info=\u00bb{}\u00bb][et_pb_blurb title=\u00bbAlegor\u00eda contin\u00faa siendo el referente de libros de texto comprometidos con el conocimiento\u00bb image=\u00bbhttps:\/\/editorialalegoria.com\/web\/wp-content\/uploads\/campana-escolar-Small.jpg\u00bb _builder_version=\u00bb4.25.1&#8243; _module_preset=\u00bbdefault\u00bb header_font=\u00bbRubik||||||||\u00bb header_text_color=\u00bb#A50004&#8243; header_font_size=\u00bb17px\u00bb header_line_height=\u00bb1.3em\u00bb body_text_color=\u00bb#494949&#8243; body_font_size=\u00bb14px\u00bb body_line_height=\u00bb1.4em\u00bb custom_padding=\u00bb0px|||0px|false|false\u00bb border_color_all=\u00bb#878787&#8243; box_shadow_style_image=\u00bbpreset3&#8243; global_colors_info=\u00bb{}\u00bb]<\/p>\n<p>Desde la plena libertad, nuestros libros de texto persiguen la transmisi\u00f3n de conocimientos; ense\u00f1ar y no adoctrinar. Son innovadores, exigentes y est\u00e9ticamente muy cuidados. Puedes entrar en los enlaces y leerlos, pues no hay mejor modo de conocer su contenido (niveles de ESO y Bachillerato).\u00a0<\/p>\n<p>[\/et_pb_blurb][et_pb_blurb title=\u00bbFondo editorial\u00bb url=\u00bbhttps:\/\/editorialalegoria.com\/web\/categoria-producto\/fondo-editorial\/\u00bb image=\u00bbhttps:\/\/editorialalegoria.com\/web\/wp-content\/uploads\/fondo-editorial-Small.jpg\u00bb _builder_version=\u00bb4.25.1&#8243; _module_preset=\u00bbdefault\u00bb header_font=\u00bbRubik||||||||\u00bb header_text_color=\u00bb#A50004&#8243; header_font_size=\u00bb17px\u00bb header_line_height=\u00bb1.3em\u00bb body_text_color=\u00bb#494949&#8243; body_font_size=\u00bb14px\u00bb body_line_height=\u00bb1.4em\u00bb custom_padding=\u00bb0px|||0px|false|false\u00bb link_option_url=\u00bbhttps:\/\/editorialalegoria.com\/web\/categoria-producto\/fondo-editorial\/\u00bb border_color_all=\u00bb#878787&#8243; box_shadow_style_image=\u00bbpreset3&#8243; global_colors_info=\u00bb{}\u00bb]<\/p>\n<p>Si deseas disfrutar de una lectura placentera, conoce nuestros t\u00edtulos de <a href=\"https:\/\/editorialalegoria.com\/web\/categoria-producto\/fondo-editorial\/narrativa\/\"><strong>narrativa<\/strong><\/a>, <a href=\"https:\/\/editorialalegoria.com\/web\/categoria-producto\/fondo-editorial\/lirica\/\"><strong>l\u00edrica<\/strong><\/a>, <a href=\"https:\/\/editorialalegoria.com\/web\/categoria-producto\/fondo-editorial\/ensayo\/\"><strong>ensayo<\/strong><\/a> y <a href=\"https:\/\/editorialalegoria.com\/web\/categoria-producto\/fondo-editorial\/epistolarios\/\"><strong>epistolarios<\/strong><\/a>. Adem\u00e1s, contin\u00faa creciendo la <a href=\"https:\/\/editorialalegoria.com\/web\/categoria-producto\/el-gato-subjetivo\/\"><strong>colecci\u00f3n El gato subjetivo<\/strong><\/a> con t\u00edtulos orientados al an\u00e1lisis y cr\u00edtica pol\u00edtica.<\/p>\n<p>[\/et_pb_blurb][\/et_pb_column][et_pb_column type=\u00bb1_4&#8243; _builder_version=\u00bb4.16&#8243; _module_preset=\u00bbdefault\u00bb custom_padding_tablet=\u00bb\u00bb custom_padding_phone=\u00bb10px|10px|10px|10px|false|false\u00bb custom_padding_last_edited=\u00bbon|phone\u00bb global_colors_info=\u00bb{}\u00bb][et_pb_blurb title=\u00bbConoce todos nuestros libros de uso acad\u00e9mico\u00bb url=\u00bbhttps:\/\/editorialalegoria.com\/web\/categoria-producto\/libros-de-uso-academico\/\u00bb image=\u00bbhttps:\/\/editorialalegoria.com\/web\/wp-content\/uploads\/libros-de-uso-academico-Small.jpg\u00bb _builder_version=\u00bb4.23.1&#8243; _module_preset=\u00bbdefault\u00bb header_font=\u00bbRubik||||||||\u00bb header_text_color=\u00bb#A50004&#8243; header_font_size=\u00bb17px\u00bb header_line_height=\u00bb1.3em\u00bb body_text_color=\u00bb#494949&#8243; body_font_size=\u00bb14px\u00bb body_line_height=\u00bb1.4em\u00bb custom_padding=\u00bb0px|||0px|false|false\u00bb link_option_url=\u00bbhttps:\/\/editorialalegoria.com\/web\/categoria-producto\/libros-de-uso-academico\/\u00bb border_color_all=\u00bb#878787&#8243; box_shadow_style_image=\u00bbpreset3&#8243; global_colors_info=\u00bb{}\u00bb]<\/p>\n<p>Nos hemos especializado en cinco materias: <a href=\"https:\/\/editorialalegoria.com\/web\/lengua-y-literatura\/\"><strong>Lengua castellana y Literatura<\/strong><\/a> <strong>(<a href=\"https:\/\/editorialalegoria.com\/web\/lengua-y-literatura\/proyecto-isegoria\/\">Proyecto Isegor\u00eda<\/a><\/strong>, <a href=\"https:\/\/editorialalegoria.com\/web\/lengua-y-literatura\/proyecto-alejandria\/\"><strong>Proyecto Alejandr\u00eda<\/strong><\/a> y <a href=\"https:\/\/editorialalegoria.com\/web\/categoria-producto\/libros-de-uso-academico\/lengua-castellana-y-literatura\/lecturas\/\"><strong>lecturas para iniciaci\u00f3n a los cl\u00e1sicos<\/strong><\/a>), <a href=\"https:\/\/editorialalegoria.com\/web\/geografia-e-historia\/\"><strong>Geograf\u00eda e Historia<\/strong><\/a>, <a href=\"https:\/\/editorialalegoria.com\/web\/musica\/\"><strong>M\u00fasica<\/strong><\/a>, <a href=\"https:\/\/editorialalegoria.com\/web\/musica\/\"><strong>Cultura del Flamenco<\/strong><\/a>, <strong><a href=\"https:\/\/editorialalegoria.com\/web\/categoria-producto\/libros-de-uso-academico\/filosofia-y-ciudadania\/\">Filosof\u00eda y Ciudadan\u00eda <\/a><\/strong>y <strong><a href=\"https:\/\/editorialalegoria.com\/web\/oratoria-y-debate\/\">Oratoria y Debate<\/a>.<\/strong><\/p>\n<p>[\/et_pb_blurb][et_pb_blurb title=\u00bbOtros productos\u00bb url=\u00bbhttps:\/\/editorialalegoria.com\/web\/categoria-producto\/otros-productos\/\u00bb image=\u00bbhttps:\/\/editorialalegoria.com\/web\/wp-content\/uploads\/otros-productos-Small-Personalizado.jpg\u00bb _builder_version=\u00bb4.16&#8243; _module_preset=\u00bbdefault\u00bb header_font=\u00bbRubik||||||||\u00bb header_text_color=\u00bb#A50004&#8243; header_font_size=\u00bb17px\u00bb header_line_height=\u00bb1.3em\u00bb body_text_color=\u00bb#494949&#8243; body_font_size=\u00bb14px\u00bb body_line_height=\u00bb1.4em\u00bb custom_padding=\u00bb0px|||0px|false|false\u00bb link_option_url=\u00bbhttps:\/\/editorialalegoria.com\/web\/categoria-producto\/otros-productos\/\u00bb border_color_all=\u00bb#878787&#8243; box_shadow_style_image=\u00bbpreset3&#8243; global_colors_info=\u00bb{}\u00bb]<\/p>\n<p>En Alegor\u00eda cuidamos los detalles. Conoce nuestra <a href=\"https:\/\/editorialalegoria.com\/web\/libro\/baraja-filosofica\/\"><strong>Baraja filos\u00f3fica<\/strong><\/a> y esta coqueta libreta de <a href=\"https:\/\/editorialalegoria.com\/web\/libro\/rebeca-b-libreta\/\"><strong>Rebeca B<\/strong><\/a>.<\/p>\n<p>[\/et_pb_blurb][et_pb_blurb title=\u00bbLa tribu can\u00edbal\u00bb url=\u00bbhttps:\/\/editorialalegoria.com\/web\/libro\/la-tribu-canibal-violencia-nacionalismo\/\u00bb image=\u00bbhttps:\/\/editorialalegoria.com\/web\/wp-content\/uploads\/TRIBU-3D.png\u00bb _builder_version=\u00bb4.25.1&#8243; _module_preset=\u00bbdefault\u00bb header_font=\u00bbRubik|700|||||||\u00bb header_text_color=\u00bb#A50004&#8243; header_font_size=\u00bb19px\u00bb header_line_height=\u00bb1.3em\u00bb body_text_color=\u00bb#494949&#8243; body_font_size=\u00bb14px\u00bb body_line_height=\u00bb1.4em\u00bb background_color=\u00bbRGBA(255,255,255,0)\u00bb custom_padding=\u00bb0px|||0px|false|false\u00bb animation_style=\u00bbroll\u00bb animation=\u00bbleft\u00bb link_option_url=\u00bbhttps:\/\/editorialalegoria.com\/web\/libro\/la-tribu-canibal-violencia-nacionalismo\/\u00bb border_color_all=\u00bb#878787&#8243; border_color_all_image=\u00bbRGBA(255,255,255,0)\u00bb box_shadow_style_image=\u00bbpreset2&#8243; global_colors_info=\u00bb{}\u00bb]<\/p>\n<p>Alegor\u00eda no da la espalda a las v\u00edctimas del terrorismo de ETA. En este ensayo pol\u00edtico, el autor analiza minuciosamente la violencia nacionalista vasca del pasado y del presente, y propone medidas de justicia y dignidad. Conoce <a href=\"https:\/\/editorialalegoria.com\/web\/libro\/la-tribu-canibal-violencia-nacionalismo\/\"><strong>La tribu can\u00edbal<\/strong><\/a>.\u00a0<\/p>\n<p>[\/et_pb_blurb][\/et_pb_column][et_pb_column type=\u00bb1_2&#8243; _builder_version=\u00bb4.16&#8243; _module_preset=\u00bbdefault\u00bb custom_padding_tablet=\u00bb\u00bb custom_padding_phone=\u00bb10px|10px|10px|10px|false|false\u00bb custom_padding_last_edited=\u00bbon|phone\u00bb global_colors_info=\u00bb{}\u00bb][et_pb_image src=\u00bbhttps:\/\/editorialalegoria.com\/web\/wp-content\/uploads\/banner-oratoria-2024-2.png\u00bb alt=\u00bbOratoria y Debate es un nuevo proyecto de Editorial Alegor\u00eda que pretende aportar los recursos necesarios para impartir esta materia en cualquier comunidad de Espa\u00f1a.\u00bb title_text=\u00bbbanner-oratoria-2024&#8243; url=\u00bbhttps:\/\/editorialalegoria.com\/web\/oratoria-y-debate\/\u00bb _builder_version=\u00bb4.23.1&#8243; _module_preset=\u00bbdefault\u00bb animation_style=\u00bbfade\u00bb global_colors_info=\u00bb{}\u00bb][\/et_pb_image][et_pb_image src=\u00bbhttps:\/\/editorialalegoria.com\/web\/wp-content\/uploads\/banner-musica-2024.png\u00bb alt=\u00bbProyecto M\u00fasica\u00bb title_text=\u00bbbanner-musica-2024&#8243; url=\u00bbhttps:\/\/editorialalegoria.com\/web\/musica\/\u00bb _builder_version=\u00bb4.23.1&#8243; _module_preset=\u00bbdefault\u00bb animation_style=\u00bbfade\u00bb global_colors_info=\u00bb{}\u00bb][\/et_pb_image][et_pb_image src=\u00bbhttps:\/\/editorialalegoria.com\/web\/wp-content\/uploads\/banner-LENGUA-2024.png\u00bb alt=\u00bbProyecto Lengua y Literatura\u00bb title_text=\u00bbbanner-LENGUA-2024&#8243; url=\u00bbhttps:\/\/editorialalegoria.com\/web\/lengua-y-literatura\/\u00bb _builder_version=\u00bb4.23.1&#8243; _module_preset=\u00bbdefault\u00bb animation_style=\u00bbfade\u00bb global_colors_info=\u00bb{}\u00bb][\/et_pb_image][et_pb_image src=\u00bbhttps:\/\/editorialalegoria.com\/web\/wp-content\/uploads\/banner-HISTORIA-2024.png\u00bb alt=\u00bbProyecto Geograf\u00eda e Historia\u00bb title_text=\u00bbbanner-HISTORIA-2024&#8243; url=\u00bbhttps:\/\/editorialalegoria.com\/web\/geografia-e-historia\/\u00bb _builder_version=\u00bb4.23.1&#8243; _module_preset=\u00bbdefault\u00bb animation_style=\u00bbfade\u00bb global_colors_info=\u00bb{}\u00bb][\/et_pb_image][et_pb_image src=\u00bbhttps:\/\/editorialalegoria.com\/web\/wp-content\/uploads\/banner-filosofia-ciudadania-v2.png\u00bb alt=\u00bbProyecto Lengua y Literatura\u00bb title_text=\u00bbbanner-filosofia-ciudadania-v2&#8243; url=\u00bbhttps:\/\/editorialalegoria.com\/web\/categoria-producto\/libros-de-uso-academico\/filosofia-y-ciudadania\/\u00bb _builder_version=\u00bb4.16&#8243; _module_preset=\u00bbdefault\u00bb animation_style=\u00bbfade\u00bb global_colors_info=\u00bb{}\u00bb][\/et_pb_image][et_pb_image src=\u00bbhttps:\/\/editorialalegoria.com\/web\/wp-content\/uploads\/banner-LECTURAS-2025.png\u00bb alt=\u00bbProyecto Lengua y Literatura\u00bb title_text=\u00bbbanner-LECTURAS 2025&#8243; url=\u00bbhttps:\/\/editorialalegoria.com\/web\/poesia-comentada-efecto-pigmalion\/\u00bb _builder_version=\u00bb4.25.1&#8243; _module_preset=\u00bbdefault\u00bb animation_style=\u00bbfade\u00bb global_colors_info=\u00bb{}\u00bb][\/et_pb_image][et_pb_image src=\u00bbhttps:\/\/editorialalegoria.com\/web\/wp-content\/uploads\/PLACAS-SOLARES-BOROSA-23-IMAGEN-WEB.jpg\u00bb alt=\u00bbProyecto Lengua y Literatura\u00bb title_text=\u00bbPLACAS SOLARES BOROSA 23 &#8211; IMAGEN WEB\u00bb _builder_version=\u00bb4.25.1&#8243; _module_preset=\u00bbdefault\u00bb animation_style=\u00bbfade\u00bb global_colors_info=\u00bb{}\u00bb][\/et_pb_image][\/et_pb_column][\/et_pb_row][\/et_pb_section][et_pb_section fb_built=\u00bb1&#8243; disabled_on=\u00bboff|off|off\u00bb _builder_version=\u00bb4.16&#8243; background_color=\u00bb#DBDBDB\u00bb background_image=\u00bbhttps:\/\/editorialalegoria.com\/web\/wp-content\/uploads\/4853433-Large.jpg\u00bb custom_margin=\u00bb||1px|||\u00bb custom_padding=\u00bb35px||27px|||\u00bb top_divider_color=\u00bb#DBDBDB\u00bb top_divider_height=\u00bb77px\u00bb global_colors_info=\u00bb{}\u00bb][et_pb_row _builder_version=\u00bb4.16&#8243; _module_preset=\u00bbdefault\u00bb custom_margin=\u00bb-5px|auto|-3px|auto||\u00bb custom_padding=\u00bb||3px|||\u00bb global_colors_info=\u00bb{}\u00bb][et_pb_column type=\u00bb4_4&#8243; _builder_version=\u00bb4.16&#8243; _module_preset=\u00bbdefault\u00bb global_colors_info=\u00bb{}\u00bb][et_pb_text _builder_version=\u00bb4.16&#8243; _module_preset=\u00bbdefault\u00bb header_font=\u00bb|600|||||||\u00bb header_text_color=\u00bb#000000&#8243; header_font_size=\u00bb20px\u00bb header_line_height=\u00bb1.3em\u00bb header_3_font=\u00bbRubik|500|||||||\u00bb header_3_text_color=\u00bb#494949&#8243; header_3_font_size=\u00bb18px\u00bb header_3_line_height=\u00bb1.3em\u00bb custom_margin=\u00bb||12px|||\u00bb custom_padding=\u00bb||1px|||\u00bb header_3_font_size_tablet=\u00bb\u00bb header_3_font_size_phone=\u00bb16px\u00bb header_3_font_size_last_edited=\u00bbon|phone\u00bb global_colors_info=\u00bb{}\u00bb]<\/p>\n<h1 style=\"text-align: center;\">Una editorial comprometida con la ense\u00f1anza<\/h1>\n<p>[\/et_pb_text][et_pb_video src=\u00bbhttps:\/\/www.youtube.com\/watch?v=kV9hOmXGU14&#038;ab_channel=EditorialAlegor%C3%ADa\u00bb _builder_version=\u00bb4.16&#8243; _module_preset=\u00bbdefault\u00bb width=\u00bb100%\u00bb module_alignment=\u00bbcenter\u00bb custom_margin=\u00bb-4px||33px|||\u00bb global_colors_info=\u00bb{}\u00bb][\/et_pb_video][\/et_pb_column][\/et_pb_row][et_pb_row _builder_version=\u00bb4.16&#8243; _module_preset=\u00bbdefault\u00bb width=\u00bb73%\u00bb module_alignment=\u00bbcenter\u00bb custom_margin=\u00bb6px|15%|12px|15%|false|true\u00bb custom_padding=\u00bb0px||0px|||\u00bb global_colors_info=\u00bb{}\u00bb][et_pb_column type=\u00bb4_4&#8243; _builder_version=\u00bb4.16&#8243; _module_preset=\u00bbdefault\u00bb global_colors_info=\u00bb{}\u00bb][et_pb_text _builder_version=\u00bb4.16&#8243; _module_preset=\u00bbdefault\u00bb header_3_font=\u00bbRubik|500|||||||\u00bb header_3_text_color=\u00bb#494949&#8243; header_3_font_size=\u00bb18px\u00bb header_3_line_height=\u00bb1.3em\u00bb custom_margin=\u00bb||12px|||\u00bb custom_padding=\u00bb||1px|||\u00bb header_3_font_size_tablet=\u00bb\u00bb header_3_font_size_phone=\u00bb16px\u00bb header_3_font_size_last_edited=\u00bbon|phone\u00bb global_colors_info=\u00bb{}\u00bb]<\/p>\n<h3 style=\"text-align: center\">Alegor\u00eda recomienda<\/h3>\n<p>[\/et_pb_text][toolset_divi_view toolset_view=\u00bbvista-recomendaciones-en-inicio\u00bb _builder_version=\u00bb4.16&#8243; _module_preset=\u00bbdefault\u00bb width=\u00bb85%\u00bb width_tablet=\u00bb\u00bb width_phone=\u00bb80%\u00bb width_last_edited=\u00bbon|phone\u00bb module_alignment=\u00bbcenter\u00bb custom_margin=\u00bb||-5px|||\u00bb global_colors_info=\u00bb{}\u00bb][\/toolset_divi_view][\/et_pb_column][\/et_pb_row][\/et_pb_section][et_pb_section fb_built=\u00bb1&#8243; _builder_version=\u00bb4.16&#8243; _module_preset=\u00bbdefault\u00bb background_image=\u00bbhttps:\/\/editorialalegoria.com\/web\/wp-content\/uploads\/books-Large-1.jpg\u00bb custom_margin=\u00bb||||true|false\u00bb custom_padding=\u00bb84px||84px||true|false\u00bb global_colors_info=\u00bb{}\u00bb][et_pb_row _builder_version=\u00bb4.16&#8243; _module_preset=\u00bbdefault\u00bb global_colors_info=\u00bb{}\u00bb][et_pb_column type=\u00bb4_4&#8243; _builder_version=\u00bb4.16&#8243; _module_preset=\u00bbdefault\u00bb global_colors_info=\u00bb{}\u00bb][et_pb_button button_url=\u00bbhttps:\/\/editorialalegoria.com\/web\/catalogo\/\u00bb button_text=\u00bbConsulta todos nuestros libros\u00bb button_alignment=\u00bbcenter\u00bb _builder_version=\u00bb4.16&#8243; _module_preset=\u00bbdefault\u00bb custom_button=\u00bbon\u00bb button_text_size=\u00bb19px\u00bb button_text_color=\u00bb#FFFFFF\u00bb button_bg_color=\u00bb#A50004&#8243; button_border_color=\u00bb#A50004&#8243; button_font=\u00bbRubik||||||||\u00bb animation_style=\u00bbfade\u00bb button_text_size_tablet=\u00bb\u00bb button_text_size_phone=\u00bb15px\u00bb button_text_size_last_edited=\u00bbon|phone\u00bb global_colors_info=\u00bb{}\u00bb][\/et_pb_button][\/et_pb_column][\/et_pb_row][\/et_pb_section]<\/p>\n","protected":false},"excerpt":{"rendered":"<p>Desde la plena libertad, nuestros libros de texto persiguen la transmisi\u00f3n de conocimientos; ense\u00f1ar y no adoctrinar. Son innovadores, exigentes y est\u00e9ticamente muy cuidados. Puedes entrar en los enlaces y leerlos, pues no hay mejor modo de conocer su contenido (niveles de ESO y Bachillerato).\u00a0Si deseas disfrutar de una lectura placentera, conoce nuestros t\u00edtulos de [&hellip;]<\/p>\n","protected":false},"author":1,"featured_media":0,"parent":0,"menu_order":0,"comment_status":"closed","ping_status":"closed","template":"","meta":{"_et_pb_use_builder":"on","_et_pb_old_content":"<!-- wp:heading {\"level\":1} -->\r\n<h1>Lorem ipsum dolor sit amet, consectetur adipiscing elit. <\/h1>\r\n<!-- \/wp:heading -->\r\n\r\n<!-- wp:heading -->\r\n<h2>Ut molestie dolor ante, non suscipit urna dapibus eu. <\/h2>\r\n<!-- \/wp:heading -->\r\n\r\n<!-- wp:heading {\"level\":3} -->\r\n<h3>Praesent et eros pulvinar quam vehicula commodo sit amet et nibh. <\/h3>\r\n<!-- \/wp:heading -->\r\n\r\n<!-- wp:heading {\"level\":4} -->\r\n<h4>Phasellus convallis nibh non risus vulputate, non tincidunt dolor tincidunt. <\/h4>\r\n<!-- \/wp:heading -->\r\n\r\n<!-- wp:paragraph -->\r\n<p>Maecenas aliquet leo laoreet, rhoncus arcu a, feugiat justo. Fusce a aliquet risus. Etiam tristique sed lectus in bibendum. Ut aliquam in mi eget interdum. Donec laoreet tortor eu dolor posuere, vitae elementum arcu pulvinar. Morbi eu nisi vel ipsum rhoncus faucibus non condimentum tellus. Aenean sed sapien in lectus feugiat faucibus sit amet in nisl. In hac habitasse platea dictumst. Morbi facilisis augue enim, sit amet bibendum lorem vulputate quis.<\/p>\r\n<!-- \/wp:paragraph -->\r\n\r\n<!-- wp:paragraph -->\r\n<p>Pellentesque habitant morbi tristique senectus et netus et malesuada fames ac turpis egestas. Ut nec arcu leo. Vivamus porttitor erat quis augue scelerisque, sit amet gravida risus vestibulum. Quisque commodo imperdiet vehicula. Pellentesque habitant morbi tristique senectus et netus et malesuada fames ac turpis egestas. Vestibulum elementum non purus ut efficitur. Donec varius ullamcorper condimentum. Praesent nibh elit, accumsan porttitor odio quis, aliquet porta eros. Sed porta mi fermentum dui dictum, placerat porta odio volutpat. Nam sit amet lacus ullamcorper, viverra felis ut, lobortis neque. Cras aliquam purus odio, ut gravida odio lacinia eget. Praesent leo purus, blandit eu placerat non, finibus faucibus elit. Aliquam erat volutpat.<\/p>\r\n<!-- \/wp:paragraph -->\r\n\r\n<!-- wp:paragraph -->\r\n<p>Morbi rutrum ultrices mi sed faucibus. Ut et justo ac velit efficitur varius. Sed molestie lacus eget consequat faucibus. Phasellus ut nibh a arcu scelerisque condimentum vitae in nulla. Interdum et malesuada fames ac ante ipsum primis in faucibus. In hac habitasse platea dictumst. Ut sagittis rutrum bibendum.<\/p>\r\n<!-- \/wp:paragraph -->\r\n\r\n<!-- wp:paragraph -->\r\n<p>Ut a leo consequat, sagittis mi non, semper nulla. Proin nec placerat est. Suspendisse in venenatis neque. Curabitur vel ullamcorper sem. Nulla vitae lectus vel velit lacinia volutpat. Proin tempus ex quam, vel scelerisque purus fringilla hendrerit. Curabitur blandit accumsan purus ac elementum. Maecenas aliquam magna vel velit condimentum lobortis. Sed ut diam id mauris rhoncus molestie quis id leo. Donec magna urna, varius id tempor ut, sodales sed dui. Morbi scelerisque scelerisque ipsum sit amet convallis. Interdum et malesuada fames ac ante ipsum primis in faucibus.<\/p>\r\n<!-- \/wp:paragraph -->\r\n\r\n<!-- wp:paragraph -->\r\n<p>Integer risus eros, pulvinar sodales consequat eu, ullamcorper sit amet dui. Nam dapibus egestas felis nec iaculis. Vestibulum ac iaculis odio. Interdum et malesuada fames ac ante ipsum primis in faucibus. Donec id felis condimentum enim condimentum efficitur non sit amet elit. Interdum et malesuada fames ac ante ipsum primis in faucibus. Suspendisse a turpis eros. Ut ultrices quam vitae magna fringilla egestas.<\/p>\r\n<!-- \/wp:paragraph -->","_et_gb_content_width":"1080","footnotes":""},"class_list":["post-10","page","type-page","status-publish","hentry"],"_links":{"self":[{"href":"https:\/\/editorialalegoria.com\/web\/wp-json\/wp\/v2\/pages\/10","targetHints":{"allow":["GET"]}}],"collection":[{"href":"https:\/\/editorialalegoria.com\/web\/wp-json\/wp\/v2\/pages"}],"about":[{"href":"https:\/\/editorialalegoria.com\/web\/wp-json\/wp\/v2\/types\/page"}],"author":[{"embeddable":true,"href":"https:\/\/editorialalegoria.com\/web\/wp-json\/wp\/v2\/users\/1"}],"replies":[{"embeddable":true,"href":"https:\/\/editorialalegoria.com\/web\/wp-json\/wp\/v2\/comments?post=10"}],"version-history":[{"count":103,"href":"https:\/\/editorialalegoria.com\/web\/wp-json\/wp\/v2\/pages\/10\/revisions"}],"predecessor-version":[{"id":223714,"href":"https:\/\/editorialalegoria.com\/web\/wp-json\/wp\/v2\/pages\/10\/revisions\/223714"}],"wp:attachment":[{"href":"https:\/\/editorialalegoria.com\/web\/wp-json\/wp\/v2\/media?parent=10"}],"curies":[{"name":"wp","href":"https:\/\/api.w.org\/{rel}","templated":true}]}}