{"id":13351,"date":"2021-02-13T20:31:54","date_gmt":"2021-02-13T19:31:54","guid":{"rendered":"http:\/\/editorialalegoria.com\/web\/?page_id=13351"},"modified":"2021-05-07T10:44:13","modified_gmt":"2021-05-07T08:44:13","slug":"servicios","status":"publish","type":"page","link":"https:\/\/editorialalegoria.com\/web\/la-editorial\/servicios\/","title":{"rendered":"Servicios"},"content":{"rendered":"<p>[et_pb_section fb_built=\u00bb1&#8243; _builder_version=\u00bb4.8.1&#8243; _module_preset=\u00bbdefault\u00bb custom_padding=\u00bb10px||6px|||\u00bb locked=\u00bboff\u00bb][et_pb_row _builder_version=\u00bb4.8.1&#8243; _module_preset=\u00bbdefault\u00bb background_color=\u00bbRGBA(0,0,0,0)\u00bb custom_padding=\u00bb||11px||false|false\u00bb][et_pb_column type=\u00bb4_4&#8243; _builder_version=\u00bb4.8.1&#8243; _module_preset=\u00bbdefault\u00bb][et_pb_text _builder_version=\u00bb4.8.1&#8243; _module_preset=\u00bbdefault\u00bb text_font=\u00bbRubik|300|||||||\u00bb text_text_color=\u00bb#000000&#8243; text_font_size=\u00bb15px\u00bb text_line_height=\u00bb1.3em\u00bb]<\/p>\n<p><span><nav aria-label=\"breadcrumbs\" class=\"rank-math-breadcrumb\"><p><span class=\"last\">Inicio<\/span><\/p><\/nav><\/span><\/p>\n<p>[\/et_pb_text][\/et_pb_column][\/et_pb_row][\/et_pb_section][et_pb_section fb_built=\u00bb1&#8243; _builder_version=\u00bb4.8.1&#8243; _module_preset=\u00bbdefault\u00bb custom_margin=\u00bb-4px||-4px|||\u00bb custom_padding=\u00bb13px||7px|||\u00bb][et_pb_row _builder_version=\u00bb4.8.1&#8243; _module_preset=\u00bbdefault\u00bb custom_margin=\u00bb|auto|-6px|auto||\u00bb custom_padding=\u00bb5px||7px|||\u00bb][et_pb_column type=\u00bb4_4&#8243; _builder_version=\u00bb4.8.1&#8243; _module_preset=\u00bbdefault\u00bb][et_pb_post_title meta=\u00bboff\u00bb featured_image=\u00bboff\u00bb _builder_version=\u00bb4.8.1&#8243; _module_preset=\u00bbdefault\u00bb title_font=\u00bbRubik|300|||||||\u00bb title_font_size=\u00bb22px\u00bb title_line_height=\u00bb1.6em\u00bb custom_margin=\u00bb1px||1px||true|false\u00bb locked=\u00bboff\u00bb][\/et_pb_post_title][\/et_pb_column][\/et_pb_row][\/et_pb_section][et_pb_section fb_built=\u00bb1&#8243; padding_top_2=\u00bb7vw\u00bb _builder_version=\u00bb4.8.1&#8243; _module_preset=\u00bbdefault\u00bb background_color=\u00bbrgba(219,219,219,0.45)\u00bb custom_margin=\u00bb8px|||||\u00bb custom_padding=\u00bb28px||30px|||\u00bb][et_pb_row _builder_version=\u00bb4.9.4&#8243; _module_preset=\u00bbdefault\u00bb custom_margin=\u00bb|auto|-4px|auto||\u00bb][et_pb_column _builder_version=\u00bb4.9.4&#8243; _module_preset=\u00bbdefault\u00bb type=\u00bb4_4&#8243;][et_pb_text _builder_version=\u00bb4.9.4&#8243; _module_preset=\u00bbdefault\u00bb text_text_color=\u00bb#494949&#8243; text_font=\u00bbRubik|300||on|||||\u00bb text_font_size=\u00bb15px\u00bb hover_enabled=\u00bb0&#8243; sticky_enabled=\u00bb0&#8243; link_text_color=\u00bb#494949&#8243;]<\/p>\n<p><a href=\"#edicion\">Edici\u00f3n y correcci\u00f3n de estilo<\/a> \/ <a href=\"#sello\">Sello [LATERAL]<\/a><\/p>\n<p>[\/et_pb_text][et_pb_divider _builder_version=\u00bb4.9.4&#8243; _module_preset=\u00bbdefault\u00bb color=\u00bb#494949&#8243; module_alignment=\u00bbleft\u00bb width=\u00bb5%\u00bb hover_enabled=\u00bb0&#8243; sticky_enabled=\u00bb0&#8243;][\/et_pb_divider][\/et_pb_column][\/et_pb_row][et_pb_row column_structure=\u00bb1_2,1_2&#8243; _builder_version=\u00bb4.8.1&#8243; _module_preset=\u00bbdefault\u00bb custom_margin=\u00bb11px|auto|4px|auto||\u00bb custom_padding=\u00bb16px|||||\u00bb][et_pb_column type=\u00bb1_2&#8243; _builder_version=\u00bb4.8.1&#8243; _module_preset=\u00bbdefault\u00bb custom_padding=\u00bb|25px|||false|false\u00bb][et_pb_text _builder_version=\u00bb4.8.1&#8243; _module_preset=\u00bbdefault\u00bb text_font=\u00bbPT Serif||||||||\u00bb text_text_color=\u00bb#A50004&#8243; text_font_size=\u00bb18px\u00bb text_line_height=\u00bb1.6em\u00bb custom_margin=\u00bb||32px|||\u00bb]<\/p>\n<p>\u00bfTienes un manuscrito que no te convence o al que consideras que habr\u00eda que corregir? \u00bfTienes una idea que no sabes c\u00f3mo llevar al papel? \u00bfQuieres escribir alguna historia para alguien, una biograf\u00eda, una cr\u00f3nica, una an\u00e9cdota o aniversario que quieras conmemorar?<\/p>\n<p>[\/et_pb_text][et_pb_text _builder_version=\u00bb4.8.1&#8243; text_text_color=\u00bb#494949&#8243; ul_font=\u00bb||||||||\u00bb ol_font=\u00bb||||||||\u00bb header_font=\u00bbCormorant Garamond||||||||\u00bb header_font_size=\u00bb50px\u00bb header_line_height=\u00bb1.4em\u00bb header_2_font=\u00bbRubik|300|||||||\u00bb header_2_text_color=\u00bb#494949&#8243; header_2_font_size=\u00bb20px\u00bb header_2_line_height=\u00bb1.4em\u00bb header_3_font=\u00bb||||||||\u00bb header_4_font=\u00bb||||||||\u00bb header_5_font=\u00bb||||||||\u00bb header_6_font=\u00bb||||||||\u00bb background_layout=\u00bbdark\u00bb header_font_size_tablet=\u00bb40px\u00bb header_font_size_phone=\u00bb30px\u00bb header_font_size_last_edited=\u00bbon|desktop\u00bb header_2_font_size_tablet=\u00bb40px\u00bb header_2_font_size_phone=\u00bb30px\u00bb header_2_font_size_last_edited=\u00bbon|desktop\u00bb locked=\u00bboff\u00bb]<\/p>\n<p>Alegor\u00eda te ofrece la posibilidad de un <strong>servicio editorial completo<\/strong>, desde la correcci\u00f3n de estilo y el trabajo personalizado de manuscritos, incluso con posibilidad de publicaci\u00f3n, hasta la escritura de libros completos con la historia que t\u00fa nos pidas.<\/p>\n<p>[\/et_pb_text][\/et_pb_column][et_pb_column type=\u00bb1_2&#8243; _builder_version=\u00bb4.8.1&#8243; _module_preset=\u00bbdefault\u00bb][et_pb_image src=\u00bbhttp:\/\/editorialalegoria.com\/web\/wp-content\/uploads\/fondo-libros.jpg\u00bb title_text=\u00bbfondo-libros\u00bb align_tablet=\u00bbcenter\u00bb align_phone=\u00bb\u00bb align_last_edited=\u00bbon|desktop\u00bb _builder_version=\u00bb4.8.1&#8243; animation_style=\u00bbfade\u00bb][\/et_pb_image][\/et_pb_column][\/et_pb_row][\/et_pb_section][et_pb_section fb_built=\u00bb1&#8243; _builder_version=\u00bb4.8.1&#8243; use_background_color_gradient=\u00bbon\u00bb background_color_gradient_start=\u00bbrgba(48,57,78,0.95)\u00bb background_color_gradient_end=\u00bbrgba(96,124,179,0.85)\u00bb background_color_gradient_direction=\u00bb60deg\u00bb background_color_gradient_overlays_image=\u00bbon\u00bb background_image=\u00bbhttp:\/\/editorialalegoria.com\/web\/wp-content\/uploads\/blurred-bookshelf-many-old-books-book-shop-library-Large-1.jpg\u00bb custom_margin=\u00bb||||false|false\u00bb custom_padding=\u00bb21px||21px||true|false\u00bb][et_pb_row column_structure=\u00bb1_2,1_2&#8243; use_custom_gutter=\u00bbon\u00bb gutter_width=\u00bb4&#8243; _builder_version=\u00bb4.8.1&#8243; width=\u00bb83%\u00bb width_tablet=\u00bb\u00bb width_phone=\u00bb90%\u00bb width_last_edited=\u00bbon|phone\u00bb module_alignment=\u00bbcenter\u00bb custom_padding=\u00bb17px|25px|23px|25px|false|false\u00bb custom_padding__hover_enabled=\u00bbon|desktop\u00bb][et_pb_column type=\u00bb1_2&#8243; _builder_version=\u00bb3.25&#8243; custom_padding=\u00bb|||\u00bb custom_padding__hover=\u00bb|||\u00bb][et_pb_blurb title=\u00bbEdici\u00f3n y correcci\u00f3n de estilo\u00bb image=\u00bbhttp:\/\/editorialalegoria.com\/web\/wp-content\/uploads\/antique-typewriter-vintage-typewriter-machine-on-wooden-table-Large-1.jpg\u00bb _builder_version=\u00bb4.9.4&#8243; _module_preset=\u00bbdefault\u00bb header_font=\u00bb|300|||||||\u00bb header_text_color=\u00bb#DBDBDB\u00bb header_font_size=\u00bb21px\u00bb header_line_height=\u00bb1.3em\u00bb body_text_color=\u00bb#FFFFFF\u00bb custom_margin=\u00bb||||false|false\u00bb child_filter_saturate=\u00bb0%\u00bb hover_enabled=\u00bb0&#8243; border_radii_image=\u00bbon|0%|0%|0%|0%\u00bb border_width_bottom_image=\u00bb2px\u00bb border_color_bottom_image=\u00bb#A50004&#8243; module_id=\u00bbedicion\u00bb sticky_enabled=\u00bb0&#8243;]<\/p>\n<p>En Alegor\u00eda contamos con correctores profesionales que llevar\u00e1n a cabo un plan personalizado con tu manuscrito, adapt\u00e1ndose al car\u00e1cter del mismo y a tus necesidades.<\/p>\n<p>Trabajamos el manuscrito en funci\u00f3n de tus objetivos concretos: desde una simple correcci\u00f3n de estilo para enviarlo a una agencia literaria o editorial, hasta trabajos editoriales m\u00e1s en profundidad, basados en la estructura del texto.<\/p>\n<p>Una vez el trabajo de edici\u00f3n y correcci\u00f3n haya finalizado satisfactoriamente, ofrecemos la posibilidad de publicaci\u00f3n y distribuci\u00f3n del manuscrito con nuestro <strong>Sello [LATERAL].<\/strong><\/p>\n<p>[\/et_pb_blurb][\/et_pb_column][et_pb_column type=\u00bb1_2&#8243; _builder_version=\u00bb3.25&#8243; custom_padding=\u00bb|||\u00bb custom_padding__hover=\u00bb|||\u00bb][et_pb_blurb title=\u00bbSello %91LATERAL%93&#8243; image=\u00bbhttp:\/\/editorialalegoria.com\/web\/wp-content\/uploads\/young-student-picking-book-from-the-shelf-in-the-library-Large-1.jpg\u00bb _builder_version=\u00bb4.9.4&#8243; _module_preset=\u00bbdefault\u00bb header_font=\u00bb|300|||||||\u00bb header_text_color=\u00bb#DBDBDB\u00bb header_font_size=\u00bb21px\u00bb header_line_height=\u00bb1.3em\u00bb body_text_color=\u00bb#FFFFFF\u00bb custom_margin=\u00bb||18px||false|false\u00bb child_filter_saturate=\u00bb0%\u00bb hover_enabled=\u00bb0&#8243; border_radii_image=\u00bbon|0%|0%|0%|0%\u00bb border_width_bottom_image=\u00bb2px\u00bb border_color_bottom_image=\u00bb#A50004&#8243; sticky_enabled=\u00bb0&#8243; module_id=\u00bbsello\u00bb]<\/p>\n<p>[LATERAL] es un sello que depende de la nave nodriza Alegor\u00eda. En \u00e9l tienen cabida todos aquellos t\u00edtulos que no forman parte de las l\u00edneas principales de la editorial. Gusto, modernidad y un cierto aire intempestivo, sus se\u00f1as de identidad.<\/p>\n<p>Si quieres que te informemos sobre tarifas, haznos llegar los siguientes datos:<\/p>\n<ul>\n<li>n\u00famero de p\u00e1ginas (archivo word, 1,5 de espaciado, times new roman, tama\u00f1o 12)<\/li>\n<li>medidas del libro tipo de<\/li>\n<li>encuadernaci\u00f3n (fresado o cosido)<\/li>\n<li>con solapa o sin solapa<\/li>\n<li>color o blanco y negro.<\/li>\n<\/ul>\n<p>[\/et_pb_blurb][et_pb_blurb use_icon=\u00bbon\u00bb font_icon=\u00bb%%79%%\u00bb icon_color=\u00bb#DBDBDB\u00bb icon_placement=\u00bbleft\u00bb content_max_width=\u00bb85%\u00bb _builder_version=\u00bb4.8.1&#8243; _module_preset=\u00bbdefault\u00bb body_text_color=\u00bb#FFFFFF\u00bb background_color=\u00bbrgba(255,255,255,0.05)\u00bb module_alignment=\u00bbleft\u00bb custom_margin=\u00bb||||false|false\u00bb custom_padding=\u00bb23px||23px||true|false\u00bb animation_style=\u00bbfade\u00bb border_width_all=\u00bb1px\u00bb border_color_all=\u00bb#DBDBDB\u00bb]<\/p>\n<p>[LATERAL] mantiene la misma calidad en edici\u00f3n que las dem\u00e1s colecciones de Alegor\u00eda. La distribuci\u00f3n a nivel nacional tambi\u00e9n es la misma: Corte Ingl\u00e9s, Casa del Libro, Beta, La Central, Fnac\u2026<\/p>\n<p>[\/et_pb_blurb][\/et_pb_column][\/et_pb_row][\/et_pb_section]<\/p>\n","protected":false},"excerpt":{"rendered":"<p><nav aria-label=\"breadcrumbs\" class=\"rank-math-breadcrumb\"><p><span class=\"last\">Inicio<\/span><\/p><\/nav>Edici\u00f3n y correcci\u00f3n de estilo \/ Sello [LATERAL]\u00bfTienes un manuscrito que no te convence o al que consideras que habr\u00eda que corregir? \u00bfTienes una idea que no sabes c\u00f3mo llevar al papel? \u00bfQuieres escribir alguna historia para alguien, una biograf\u00eda, una cr\u00f3nica, una an\u00e9cdota o aniversario que quieras conmemorar?Alegor\u00eda te ofrece la posibilidad de un [&hellip;]<\/p>\n","protected":false},"author":1,"featured_media":0,"parent":13353,"menu_order":0,"comment_status":"closed","ping_status":"closed","template":"","meta":{"_et_pb_use_builder":"on","_et_pb_old_content":"","_et_gb_content_width":"1080","footnotes":""},"class_list":["post-13351","page","type-page","status-publish","hentry"],"_links":{"self":[{"href":"https:\/\/editorialalegoria.com\/web\/wp-json\/wp\/v2\/pages\/13351","targetHints":{"allow":["GET"]}}],"collection":[{"href":"https:\/\/editorialalegoria.com\/web\/wp-json\/wp\/v2\/pages"}],"about":[{"href":"https:\/\/editorialalegoria.com\/web\/wp-json\/wp\/v2\/types\/page"}],"author":[{"embeddable":true,"href":"https:\/\/editorialalegoria.com\/web\/wp-json\/wp\/v2\/users\/1"}],"replies":[{"embeddable":true,"href":"https:\/\/editorialalegoria.com\/web\/wp-json\/wp\/v2\/comments?post=13351"}],"version-history":[{"count":16,"href":"https:\/\/editorialalegoria.com\/web\/wp-json\/wp\/v2\/pages\/13351\/revisions"}],"predecessor-version":[{"id":214245,"href":"https:\/\/editorialalegoria.com\/web\/wp-json\/wp\/v2\/pages\/13351\/revisions\/214245"}],"up":[{"embeddable":true,"href":"https:\/\/editorialalegoria.com\/web\/wp-json\/wp\/v2\/pages\/13353"}],"wp:attachment":[{"href":"https:\/\/editorialalegoria.com\/web\/wp-json\/wp\/v2\/media?parent=13351"}],"curies":[{"name":"wp","href":"https:\/\/api.w.org\/{rel}","templated":true}]}}