{"id":13355,"date":"2021-02-13T20:32:50","date_gmt":"2021-02-13T19:32:50","guid":{"rendered":"http:\/\/editorialalegoria.com\/web\/?page_id=13355"},"modified":"2021-05-07T10:45:06","modified_gmt":"2021-05-07T08:45:06","slug":"galeria","status":"publish","type":"page","link":"https:\/\/editorialalegoria.com\/web\/la-editorial\/galeria\/","title":{"rendered":"Galer\u00eda"},"content":{"rendered":"<p>[et_pb_section fb_built=\u00bb1&#8243; _builder_version=\u00bb4.8.1&#8243; _module_preset=\u00bbdefault\u00bb custom_padding=\u00bb||12px|||\u00bb global_module=\u00bb14515&#8243;][et_pb_row _builder_version=\u00bb4.9.4&#8243; _module_preset=\u00bbdefault\u00bb width=\u00bb96%\u00bb custom_margin=\u00bb-3px||-2px||false|false\u00bb custom_padding=\u00bb11px||8px|||\u00bb hover_enabled=\u00bb0&#8243; width_last_edited=\u00bbon|phone\u00bb width_phone=\u00bb90%\u00bb sticky_enabled=\u00bb0&#8243;][et_pb_column type=\u00bb4_4&#8243; _builder_version=\u00bb4.8.1&#8243; _module_preset=\u00bbdefault\u00bb][et_pb_text _builder_version=\u00bb4.8.1&#8243; _module_preset=\u00bbdefault\u00bb text_font=\u00bbRubik|300|||||||\u00bb text_text_color=\u00bb#000000&#8243; text_font_size=\u00bb15px\u00bb text_line_height=\u00bb1.3em\u00bb]<\/p>\n<p><span><nav aria-label=\"breadcrumbs\" class=\"rank-math-breadcrumb\"><p><span class=\"last\">Inicio<\/span><\/p><\/nav><\/span><\/p>\n<p>[\/et_pb_text][\/et_pb_column][\/et_pb_row][\/et_pb_section][et_pb_section fb_built=\u00bb1&#8243; _builder_version=\u00bb4.8.1&#8243; _module_preset=\u00bbdefault\u00bb custom_margin=\u00bb||-2px|||\u00bb custom_padding=\u00bb12px||13px|||\u00bb][et_pb_row _builder_version=\u00bb4.9.4&#8243; _module_preset=\u00bbdefault\u00bb custom_margin=\u00bb|auto|-14px|auto||\u00bb custom_padding=\u00bb9px||19px|||\u00bb hover_enabled=\u00bb0&#8243; width=\u00bb90%\u00bb sticky_enabled=\u00bb0&#8243;][et_pb_column type=\u00bb4_4&#8243; _builder_version=\u00bb4.8.1&#8243; _module_preset=\u00bbdefault\u00bb][et_pb_text _builder_version=\u00bb4.8.1&#8243; _module_preset=\u00bbdefault\u00bb header_2_font=\u00bb|300|||||||\u00bb header_2_font_size=\u00bb22px\u00bb header_2_line_height=\u00bb1.3em\u00bb custom_margin=\u00bb||-13px|||\u00bb custom_padding=\u00bb||1px|||\u00bb]<\/p>\n<h2>Galer\u00eda de fotos<\/h2>\n<p>[\/et_pb_text][\/et_pb_column][\/et_pb_row][\/et_pb_section][et_pb_section fb_built=\u00bb1&#8243; padding_top_2=\u00bb7vw\u00bb _builder_version=\u00bb4.9.4&#8243; _module_preset=\u00bbdefault\u00bb background_color=\u00bbrgba(219,219,219,0.45)\u00bb custom_margin=\u00bb8px|||||\u00bb custom_padding=\u00bb16px||11px|||\u00bb hover_enabled=\u00bb0&#8243; sticky_enabled=\u00bb0&#8243;][et_pb_row column_structure=\u00bb1_4,3_4&#8243; _builder_version=\u00bb4.9.4&#8243; _module_preset=\u00bbdefault\u00bb custom_margin=\u00bb|auto|-3px|auto||\u00bb custom_padding=\u00bb9px||11px|||\u00bb hover_enabled=\u00bb0&#8243; sticky_enabled=\u00bb0&#8243; width=\u00bb90%\u00bb][et_pb_column type=\u00bb1_4&#8243; _builder_version=\u00bb4.9.4&#8243; _module_preset=\u00bbdefault\u00bb hover_enabled=\u00bb0&#8243; sticky_enabled=\u00bb0&#8243; background_enable_color=\u00bboff\u00bb][et_pb_text _builder_version=\u00bb4.9.4&#8243; _module_preset=\u00bbdefault\u00bb header_2_font=\u00bbPT Serif|300|||||||\u00bb header_2_text_color=\u00bb#494949&#8243; header_2_font_size=\u00bb16px\u00bb header_2_line_height=\u00bb1.4em\u00bb custom_margin=\u00bb-6px||-6px|0px|true|false\u00bb custom_padding=\u00bb10px|10px|10px|10px|false|true\u00bb sticky_limit_bottom=\u00bbsection\u00bb sticky_enabled=\u00bb0&#8243; background_color=\u00bb#FFFFFF\u00bb hover_enabled=\u00bb0&#8243; border_radii=\u00bbon|10px|10px|10px|10px\u00bb]<\/p>\n<h2>Presentaci\u00f3n a cargo de Antonio Mu\u00f1oz Molina del libro<a href=\"http:\/\/editorialalegoria.com\/web\/libro\/una-escuela-de-beneficencia\/\"><strong> <em>Una escuela de beneficencia<\/em><\/strong><\/a>, de <strong><a href=\"http:\/\/editorialalegoria.com\/web\/escritores\/pedro-ruiz-morcillo\/\">Pedro Ruiz Morcillo<\/a><\/strong>, 14 de diciembre de 2012<\/h2>\n<p>[\/et_pb_text][\/et_pb_column][et_pb_column type=\u00bb3_4&#8243; _builder_version=\u00bb4.8.1&#8243; _module_preset=\u00bbdefault\u00bb][et_pb_gallery gallery_ids=\u00bb15366,15365,15364,15363,15362,15361,15360,15359,15358,15357,15356,15355,15354,15353,15352&#8243; posts_number=\u00bb99&#8243; show_title_and_caption=\u00bboff\u00bb show_pagination=\u00bboff\u00bb _builder_version=\u00bb4.9.4&#8243; _module_preset=\u00bbdefault\u00bb background_color=\u00bb#E8F5E9&#8243; width=\u00bb100%\u00bb width_tablet=\u00bb\u00bb width_phone=\u00bb\u00bb width_last_edited=\u00bbon|desktop\u00bb module_alignment=\u00bbcenter\u00bb border_radii_image=\u00bbon|10px|10px|10px|10px\u00bb box_shadow_style_image=\u00bbpreset2&#8243; width__hover_enabled=\u00bbon|desktop\u00bb custom_padding=\u00bb||0px|||\u00bb][\/et_pb_gallery][\/et_pb_column][\/et_pb_row][\/et_pb_section][et_pb_section fb_built=\u00bb1&#8243; padding_top_2=\u00bb7vw\u00bb _builder_version=\u00bb4.9.4&#8243; _module_preset=\u00bbdefault\u00bb background_color=\u00bbrgba(219,219,219,0.45)\u00bb custom_margin=\u00bb8px|||||\u00bb custom_padding=\u00bb15px||9px|||\u00bb][et_pb_row column_structure=\u00bb1_4,3_4&#8243; _builder_version=\u00bb4.9.4&#8243; _module_preset=\u00bbdefault\u00bb custom_margin=\u00bb|auto|-3px|auto||\u00bb custom_padding=\u00bb9px||7px|||\u00bb hover_enabled=\u00bb0&#8243; sticky_enabled=\u00bb0&#8243;][et_pb_column type=\u00bb1_4&#8243; _builder_version=\u00bb4.9.4&#8243; _module_preset=\u00bbdefault\u00bb background_enable_color=\u00bboff\u00bb hover_enabled=\u00bb0&#8243; sticky_enabled=\u00bb0&#8243;][et_pb_text _builder_version=\u00bb4.9.4&#8243; _module_preset=\u00bbdefault\u00bb header_2_font=\u00bbPT Serif|300|||||||\u00bb header_2_text_color=\u00bb#494949&#8243; header_2_font_size=\u00bb16px\u00bb header_2_line_height=\u00bb1.4em\u00bb custom_margin=\u00bb-6px||-6px|0px|true|false\u00bb custom_padding=\u00bb10px|10px|10px|10px|false|true\u00bb sticky_limit_bottom=\u00bbsection\u00bb border_radii=\u00bbon|10px|10px|10px|10px\u00bb background_color=\u00bb#FFFFFF\u00bb]<\/p>\n<h2>D\u00eda de la palabra Cosmivertida, 6 de septiembre de 2012<\/h2>\n<p>[\/et_pb_text][\/et_pb_column][et_pb_column type=\u00bb3_4&#8243; _builder_version=\u00bb4.8.1&#8243; _module_preset=\u00bbdefault\u00bb][et_pb_gallery gallery_ids=\u00bb15405,15404,15403,15402,15401,15400,15399,15398,15397,15396,15395,15394,15393,15392,15391,15390,15389,15388,15387,15386,15385,15384,15383,15382,15381,15380,15379,15378,15377,15376,15375,15374,15373,15372,15371,15370,15369,15368,15367&#8243; posts_number=\u00bb99&#8243; show_title_and_caption=\u00bboff\u00bb show_pagination=\u00bboff\u00bb _builder_version=\u00bb4.9.4&#8243; _module_preset=\u00bbdefault\u00bb background_color=\u00bb#E8F5E9&#8243; width=\u00bb100%\u00bb width_tablet=\u00bb\u00bb width_phone=\u00bb\u00bb width_last_edited=\u00bbon|desktop\u00bb module_alignment=\u00bbcenter\u00bb border_radii_image=\u00bbon|10px|10px|10px|10px\u00bb box_shadow_style_image=\u00bbpreset2&#8243; width__hover_enabled=\u00bbon|desktop\u00bb custom_padding=\u00bb||0px|||\u00bb][\/et_pb_gallery][\/et_pb_column][\/et_pb_row][\/et_pb_section][et_pb_section fb_built=\u00bb1&#8243; padding_top_2=\u00bb7vw\u00bb _builder_version=\u00bb4.9.4&#8243; _module_preset=\u00bbdefault\u00bb background_color=\u00bbrgba(219,219,219,0.45)\u00bb custom_margin=\u00bb8px|||||\u00bb custom_padding=\u00bb13px||8px|||\u00bb][et_pb_row column_structure=\u00bb1_4,3_4&#8243; _builder_version=\u00bb4.8.1&#8243; _module_preset=\u00bbdefault\u00bb custom_margin=\u00bb|auto|-3px|auto||\u00bb custom_padding=\u00bb9px||9px|||\u00bb][et_pb_column type=\u00bb1_4&#8243; _builder_version=\u00bb4.8.1&#8243; _module_preset=\u00bbdefault\u00bb][et_pb_text _builder_version=\u00bb4.9.4&#8243; _module_preset=\u00bbdefault\u00bb header_2_font=\u00bbPT Serif|300|||||||\u00bb header_2_text_color=\u00bb#494949&#8243; header_2_font_size=\u00bb16px\u00bb header_2_line_height=\u00bb1.4em\u00bb custom_margin=\u00bb-6px||-6px|0px|true|false\u00bb custom_padding=\u00bb10px|10px|10px|10px|false|true\u00bb sticky_limit_bottom=\u00bbsection\u00bb border_radii=\u00bbon|10px|10px|10px|10px\u00bb background_color=\u00bb#FFFFFF\u00bb]<\/p>\n<h2>Presentaci\u00f3n del libro<strong> <em>El profeta del Norte<\/em><\/strong> de <strong>Juan Antonio Ant\u00f3n Pacheco<\/strong><\/h2>\n<p>[\/et_pb_text][\/et_pb_column][et_pb_column type=\u00bb3_4&#8243; _builder_version=\u00bb4.8.1&#8243; _module_preset=\u00bbdefault\u00bb][et_pb_gallery gallery_ids=\u00bb15306,15305,15304,15303,15302,15301,15300,15299,15298,15297,15296,15295,15294,15293,15292,15291,15290,13588,15307&#8243; posts_number=\u00bb99&#8243; show_title_and_caption=\u00bboff\u00bb show_pagination=\u00bboff\u00bb _builder_version=\u00bb4.9.4&#8243; _module_preset=\u00bbdefault\u00bb background_color=\u00bb#E8F5E9&#8243; width=\u00bb100%\u00bb width_tablet=\u00bb\u00bb width_phone=\u00bb\u00bb width_last_edited=\u00bbon|desktop\u00bb module_alignment=\u00bbcenter\u00bb hover_enabled=\u00bb0&#8243; border_radii_image=\u00bbon|10px|10px|10px|10px\u00bb box_shadow_style_image=\u00bbpreset2&#8243; width__hover_enabled=\u00bbon|desktop\u00bb sticky_enabled=\u00bb0&#8243; custom_padding=\u00bb||0px|||\u00bb][\/et_pb_gallery][\/et_pb_column][\/et_pb_row][\/et_pb_section][et_pb_section fb_built=\u00bb1&#8243; padding_top_2=\u00bb7vw\u00bb _builder_version=\u00bb4.9.4&#8243; _module_preset=\u00bbdefault\u00bb background_color=\u00bbrgba(219,219,219,0.45)\u00bb custom_margin=\u00bb8px|||||\u00bb custom_padding=\u00bb14px||11px|||\u00bb][et_pb_row column_structure=\u00bb1_4,3_4&#8243; _builder_version=\u00bb4.8.1&#8243; _module_preset=\u00bbdefault\u00bb custom_margin=\u00bb|auto|-3px|auto||\u00bb custom_padding=\u00bb9px||14px|||\u00bb][et_pb_column type=\u00bb1_4&#8243; _builder_version=\u00bb4.8.1&#8243; _module_preset=\u00bbdefault\u00bb][et_pb_text _builder_version=\u00bb4.9.4&#8243; _module_preset=\u00bbdefault\u00bb header_2_font=\u00bbPT Serif|300|||||||\u00bb header_2_text_color=\u00bb#494949&#8243; header_2_font_size=\u00bb16px\u00bb header_2_line_height=\u00bb1.4em\u00bb custom_margin=\u00bb-6px||-6px|0px|true|false\u00bb custom_padding=\u00bb10px|10px|10px|10px|false|true\u00bb sticky_limit_bottom=\u00bbsection\u00bb border_radii=\u00bbon|10px|10px|10px|10px\u00bb background_color=\u00bb#FFFFFF\u00bb]<\/p>\n<h2>Presentaci\u00f3n del libro <a href=\"http:\/\/editorialalegoria.com\/web\/libro\/este-es-mi-cuerpo\/\"><strong><em>Este es mi cuerpo<\/em><\/strong><\/a> de <a href=\"http:\/\/editorialalegoria.com\/web\/escritores\/miguel-florian\/\"><strong>Miguel Flori\u00e1n<\/strong><\/a> en La Casa del Libro<\/h2>\n<p>[\/et_pb_text][\/et_pb_column][et_pb_column type=\u00bb3_4&#8243; _builder_version=\u00bb4.8.1&#8243; _module_preset=\u00bbdefault\u00bb][et_pb_gallery gallery_ids=\u00bb15410,15409,15408,15407,15406,15336,15335,15334,15333,15332,15331,15330,15329,15328,15327,15326,15325,15324,15323,15322,15321,15320,15319,15318,15317,15286,15285,15284,15283,13667&#8243; posts_number=\u00bb99&#8243; show_title_and_caption=\u00bboff\u00bb show_pagination=\u00bboff\u00bb _builder_version=\u00bb4.9.4&#8243; _module_preset=\u00bbdefault\u00bb background_color=\u00bb#E8F5E9&#8243; width=\u00bb100%\u00bb width_tablet=\u00bb\u00bb width_phone=\u00bb\u00bb width_last_edited=\u00bbon|desktop\u00bb module_alignment=\u00bbcenter\u00bb border_radii_image=\u00bbon|10px|10px|10px|10px\u00bb box_shadow_style_image=\u00bbpreset2&#8243; width__hover_enabled=\u00bbon|desktop\u00bb][\/et_pb_gallery][\/et_pb_column][\/et_pb_row][\/et_pb_section][et_pb_section fb_built=\u00bb1&#8243; padding_top_2=\u00bb7vw\u00bb _builder_version=\u00bb4.9.4&#8243; _module_preset=\u00bbdefault\u00bb background_color=\u00bbrgba(219,219,219,0.45)\u00bb custom_margin=\u00bb8px|||||\u00bb custom_padding=\u00bb14px||11px|||\u00bb][et_pb_row column_structure=\u00bb1_4,3_4&#8243; _builder_version=\u00bb4.8.1&#8243; _module_preset=\u00bbdefault\u00bb custom_margin=\u00bb|auto|-7px|auto||\u00bb custom_padding=\u00bb9px||9px|||\u00bb][et_pb_column type=\u00bb1_4&#8243; _builder_version=\u00bb4.8.1&#8243; _module_preset=\u00bbdefault\u00bb][et_pb_text _builder_version=\u00bb4.9.4&#8243; _module_preset=\u00bbdefault\u00bb header_2_font=\u00bbPT Serif|300|||||||\u00bb header_2_text_color=\u00bb#494949&#8243; header_2_font_size=\u00bb16px\u00bb header_2_line_height=\u00bb1.4em\u00bb custom_margin=\u00bb-6px||-6px|0px|true|false\u00bb custom_padding=\u00bb10px|10px|10px|10px|false|true\u00bb sticky_limit_bottom=\u00bbsection\u00bb sticky_enabled=\u00bb0&#8243; border_radii=\u00bbon|10px|10px|10px|10px\u00bb background_color=\u00bb#FFFFFF\u00bb]<\/p>\n<h2>Presentaci\u00f3n del libro <a href=\"http:\/\/editorialalegoria.com\/web\/libro\/ocho-filosofos-guias-de-lectura\/\"><strong><em>Ocho fil\u00f3sofos<\/em><\/strong><\/a><\/h2>\n<p>[\/et_pb_text][\/et_pb_column][et_pb_column type=\u00bb3_4&#8243; _builder_version=\u00bb4.8.1&#8243; _module_preset=\u00bbdefault\u00bb][et_pb_gallery gallery_ids=\u00bb15316,15315,15314,15313,15312,15311,15310,15309,15308&#8243; posts_number=\u00bb99&#8243; show_title_and_caption=\u00bboff\u00bb show_pagination=\u00bboff\u00bb _builder_version=\u00bb4.9.4&#8243; _module_preset=\u00bbdefault\u00bb background_color=\u00bb#E8F5E9&#8243; width=\u00bb100%\u00bb width_tablet=\u00bb\u00bb width_phone=\u00bb\u00bb width_last_edited=\u00bbon|desktop\u00bb module_alignment=\u00bbcenter\u00bb border_radii_image=\u00bbon|10px|10px|10px|10px\u00bb box_shadow_style_image=\u00bbpreset2&#8243; width__hover_enabled=\u00bbon|desktop\u00bb custom_padding=\u00bb||0px|||\u00bb][\/et_pb_gallery][\/et_pb_column][\/et_pb_row][\/et_pb_section][et_pb_section fb_built=\u00bb1&#8243; padding_top_2=\u00bb7vw\u00bb _builder_version=\u00bb4.9.4&#8243; _module_preset=\u00bbdefault\u00bb background_color=\u00bbrgba(219,219,219,0.45)\u00bb custom_margin=\u00bb8px|||||\u00bb custom_padding=\u00bb11px||35px|||\u00bb][et_pb_row column_structure=\u00bb1_4,3_4&#8243; _builder_version=\u00bb4.8.1&#8243; _module_preset=\u00bbdefault\u00bb custom_margin=\u00bb|auto|-3px|auto||\u00bb custom_padding=\u00bb9px|||||\u00bb][et_pb_column type=\u00bb1_4&#8243; _builder_version=\u00bb4.8.1&#8243; _module_preset=\u00bbdefault\u00bb][et_pb_text _builder_version=\u00bb4.9.4&#8243; _module_preset=\u00bbdefault\u00bb header_2_font=\u00bbPT Serif|300|||||||\u00bb header_2_text_color=\u00bb#494949&#8243; header_2_font_size=\u00bb16px\u00bb header_2_line_height=\u00bb1.4em\u00bb custom_margin=\u00bb-6px||-6px|0px|true|false\u00bb custom_padding=\u00bb10px|10px|10px|10px|false|true\u00bb sticky_limit_bottom=\u00bbsection\u00bb border_radii=\u00bbon|10px|10px|10px|10px\u00bb background_color=\u00bb#FFFFFF\u00bb]<\/p>\n<h2>Acto \u00abDistintas miradas sobre la corporeidad\u00bb en el Hotel Inglaterra a partir de la publicaci\u00f3n del libro <a href=\"http:\/\/editorialalegoria.com\/web\/libro\/este-es-mi-cuerpo\/\"><strong><em>Este es mi cuerpo<\/em><\/strong><\/a><\/h2>\n<p>[\/et_pb_text][\/et_pb_column][et_pb_column type=\u00bb3_4&#8243; _builder_version=\u00bb4.8.1&#8243; _module_preset=\u00bbdefault\u00bb][et_pb_gallery gallery_ids=\u00bb15351,15350,15349,15348,15347,15346,15345,15344,15343,15342,15341,15340,15339,15338,15337&#8243; posts_number=\u00bb99&#8243; show_title_and_caption=\u00bboff\u00bb show_pagination=\u00bboff\u00bb _builder_version=\u00bb4.9.4&#8243; _module_preset=\u00bbdefault\u00bb background_color=\u00bb#E8F5E9&#8243; width=\u00bb100%\u00bb width_tablet=\u00bb\u00bb width_phone=\u00bb\u00bb width_last_edited=\u00bbon|desktop\u00bb module_alignment=\u00bbcenter\u00bb border_radii_image=\u00bbon|10px|10px|10px|10px\u00bb box_shadow_style_image=\u00bbpreset2&#8243; width__hover_enabled=\u00bbon|desktop\u00bb][\/et_pb_gallery][\/et_pb_column][\/et_pb_row][\/et_pb_section]<\/p>\n","protected":false},"excerpt":{"rendered":"<p><nav aria-label=\"breadcrumbs\" class=\"rank-math-breadcrumb\"><p><span class=\"last\">Inicio<\/span><\/p><\/nav>Galer\u00eda de fotosPresentaci\u00f3n a cargo de Antonio Mu\u00f1oz Molina del libro Una escuela de beneficencia, de Pedro Ruiz Morcillo, 14 de diciembre de 2012D\u00eda de la palabra Cosmivertida, 6 de septiembre de 2012Presentaci\u00f3n del libro El profeta del Norte de Juan Antonio Ant\u00f3n PachecoPresentaci\u00f3n del libro Este es mi cuerpo de Miguel Flori\u00e1n en La [&hellip;]<\/p>\n","protected":false},"author":1,"featured_media":0,"parent":13353,"menu_order":0,"comment_status":"closed","ping_status":"closed","template":"","meta":{"_et_pb_use_builder":"on","_et_pb_old_content":"","_et_gb_content_width":"","footnotes":""},"class_list":["post-13355","page","type-page","status-publish","hentry"],"_links":{"self":[{"href":"https:\/\/editorialalegoria.com\/web\/wp-json\/wp\/v2\/pages\/13355","targetHints":{"allow":["GET"]}}],"collection":[{"href":"https:\/\/editorialalegoria.com\/web\/wp-json\/wp\/v2\/pages"}],"about":[{"href":"https:\/\/editorialalegoria.com\/web\/wp-json\/wp\/v2\/types\/page"}],"author":[{"embeddable":true,"href":"https:\/\/editorialalegoria.com\/web\/wp-json\/wp\/v2\/users\/1"}],"replies":[{"embeddable":true,"href":"https:\/\/editorialalegoria.com\/web\/wp-json\/wp\/v2\/comments?post=13355"}],"version-history":[{"count":17,"href":"https:\/\/editorialalegoria.com\/web\/wp-json\/wp\/v2\/pages\/13355\/revisions"}],"predecessor-version":[{"id":214154,"href":"https:\/\/editorialalegoria.com\/web\/wp-json\/wp\/v2\/pages\/13355\/revisions\/214154"}],"up":[{"embeddable":true,"href":"https:\/\/editorialalegoria.com\/web\/wp-json\/wp\/v2\/pages\/13353"}],"wp:attachment":[{"href":"https:\/\/editorialalegoria.com\/web\/wp-json\/wp\/v2\/media?parent=13355"}],"curies":[{"name":"wp","href":"https:\/\/api.w.org\/{rel}","templated":true}]}}