{"id":15,"date":"2021-02-06T20:40:07","date_gmt":"2021-02-06T19:40:07","guid":{"rendered":"http:\/\/editorialalegoria.com\/web\/?page_id=15"},"modified":"2026-04-27T12:54:24","modified_gmt":"2026-04-27T10:54:24","slug":"distribucion-y-pedidos","status":"publish","type":"page","link":"https:\/\/editorialalegoria.com\/web\/la-editorial\/distribucion-y-pedidos\/","title":{"rendered":"Distribuci\u00f3n y Pedidos"},"content":{"rendered":"<p>[et_pb_section fb_built=\u00bb1&#8243; _builder_version=\u00bb4.16&#8243; _module_preset=\u00bbdefault\u00bb custom_padding=\u00bb10px||6px|||\u00bb global_colors_info=\u00bb{}\u00bb][et_pb_row _builder_version=\u00bb4.16&#8243; _module_preset=\u00bbdefault\u00bb background_color=\u00bbRGBA(0,0,0,0)\u00bb custom_padding=\u00bb||11px||false|false\u00bb global_colors_info=\u00bb{}\u00bb][et_pb_column type=\u00bb4_4&#8243; _builder_version=\u00bb4.16&#8243; _module_preset=\u00bbdefault\u00bb global_colors_info=\u00bb{}\u00bb][et_pb_text _builder_version=\u00bb4.16&#8243; _module_preset=\u00bbdefault\u00bb text_font=\u00bbRubik|300|||||||\u00bb text_text_color=\u00bb#000000&#8243; text_font_size=\u00bb15px\u00bb text_line_height=\u00bb1.3em\u00bb global_colors_info=\u00bb{}\u00bb]<\/p>\n<p><span><nav aria-label=\"breadcrumbs\" class=\"rank-math-breadcrumb\"><p><span class=\"last\">Inicio<\/span><\/p><\/nav><\/span><\/p>\n<p>[\/et_pb_text][\/et_pb_column][\/et_pb_row][\/et_pb_section][et_pb_section fb_built=\u00bb1&#8243; _builder_version=\u00bb4.16&#8243; _module_preset=\u00bbdefault\u00bb background_color=\u00bb#A50004&#8243; background_image=\u00bbhttps:\/\/editorialalegoria.com\/web\/wp-content\/uploads\/fondo-distribucion-1.jpg\u00bb background_blend=\u00bbluminosity\u00bb custom_padding=\u00bb26px||118px|||\u00bb global_colors_info=\u00bb{}\u00bb][et_pb_row _builder_version=\u00bb4.16&#8243; _module_preset=\u00bbdefault\u00bb custom_margin=\u00bb8px|auto||auto||\u00bb custom_padding=\u00bb||17px|||\u00bb global_colors_info=\u00bb{}\u00bb][et_pb_column type=\u00bb4_4&#8243; _builder_version=\u00bb4.16&#8243; _module_preset=\u00bbdefault\u00bb global_colors_info=\u00bb{}\u00bb][et_pb_post_title meta=\u00bboff\u00bb featured_image=\u00bboff\u00bb _builder_version=\u00bb4.16&#8243; _module_preset=\u00bbdefault\u00bb title_font=\u00bbRubik|300|||||||\u00bb title_font_size=\u00bb22px\u00bb title_line_height=\u00bb1.6em\u00bb custom_margin=\u00bb24px||24px||true|false\u00bb global_colors_info=\u00bb{}\u00bb][\/et_pb_post_title][et_pb_text disabled_on=\u00bbon|on|on\u00bb _builder_version=\u00bb4.21.0&#8243; _module_preset=\u00bbdefault\u00bb text_text_color=\u00bb#CEA3D7&#8243; background_color=\u00bb#896053&#8243; width=\u00bb100%\u00bb min_height=\u00bb204px\u00bb height=\u00bb175px\u00bb custom_margin=\u00bb3px|3px|26px|3px|false|true\u00bb custom_padding=\u00bb11px|16px|11px|16px|true|true\u00bb filter_hue_rotate=\u00bb178deg\u00bb filter_saturate=\u00bb115%\u00bb filter_brightness=\u00bb102%\u00bb filter_sepia=\u00bb20%\u00bb animation_style=\u00bbroll\u00bb border_radii=\u00bbon|23px|23px|23px|23px\u00bb border_width_all=\u00bb1px\u00bb border_color_all=\u00bb#FFFFFF\u00bb border_style_all=\u00bboutset\u00bb box_shadow_style=\u00bbpreset2&#8243; box_shadow_horizontal=\u00bb12px\u00bb disabled=\u00bbon\u00bb global_colors_info=\u00bb{}\u00bb]<\/p>\n<h2><span style=\"color: #ffffff;\"><strong>\u00a0VACACIONES DEL ALMAC\u00c9N: CERRAMOS EL MARTES 11 DE JULIO<\/strong><\/span><\/h2>\n<p><span style=\"color: #e8f5e9;\">Estimado cliente: entre el 11 de julio y el 30 de agosto nuestro almac\u00e9n permanecer\u00e1 cerrado. Si desean recibir pedidos en este periodo, le ruego que contacte con AZETA. En caso de que pueda esperar, le atenderemos gustosamente el 1 de septiembre.\u00a0<\/span><\/p>\n<p><span style=\"color: #e8f5e9;\">Editorial Alegor\u00eda cierra del 1 al 30 de agosto. En julio s\u00ed podemos facturar y organizar los env\u00edos de septiembre.<\/span><\/p>\n<p><span style=\"color: #e8f5e9;\">Feliz verano.<\/span><\/p>\n<p>[\/et_pb_text][\/et_pb_column][\/et_pb_row][et_pb_row disabled_on=\u00bboff|off|off\u00bb _builder_version=\u00bb4.25.1&#8243; _module_preset=\u00bbdefault\u00bb animation_style=\u00bbroll\u00bb global_colors_info=\u00bb{}\u00bb][et_pb_column type=\u00bb4_4&#8243; _builder_version=\u00bb4.25.1&#8243; _module_preset=\u00bbdefault\u00bb global_colors_info=\u00bb{}\u00bb][et_pb_text disabled_on=\u00bbon|on|on\u00bb admin_label=\u00bbVACACIONES DEL ALMAC\u00c9N\u00bb _builder_version=\u00bb4.25.1&#8243; _module_preset=\u00bbdefault\u00bb background_color=\u00bb#6D8AFD\u00bb custom_margin=\u00bb0px|3px|13px|3px|false|true\u00bb custom_padding=\u00bb15px|14px|6px|14px|false|true\u00bb animation_style=\u00bbroll\u00bb box_shadow_style=\u00bbpreset4&#8243; disabled=\u00bbon\u00bb global_colors_info=\u00bb{}\u00bb]<\/p>\n<h4 style=\"text-align: center;\"><span style=\"color: #ccffff;\"><strong>VACACIONES DEL ALMAC\u00c9N: 9 julio &#8211; 31 agosto.<\/strong><\/span><br \/><span style=\"color: #ccffff;\">Estimado cliente: a partir del 9 de julio, paramos los env\u00edos desde nuestro almac\u00e9n. No obstante, podr\u00e1 tramitar sus compras y solicitar facturas durante todo el mes de JULIO, rellenando aqu\u00ed su formulario. Ser\u00e1 tramitado en este mes y enviaremos los libros a partir del 1 de septiembre. Durante el mes de agosto, Editorial Alegor\u00eda permanecer\u00e1 cerrada.<br \/>(Si le urgiera recibir alguno de nuestros t\u00edtulos durante el verano, puede contactar con Azeta).<\/span><\/h4>\n<h4 style=\"text-align: center;\"><span style=\"color: #ccffff;\">Gracias por su colaboraci\u00f3n y felices vacaciones.<\/span><\/h4>\n<p>[\/et_pb_text][\/et_pb_column][\/et_pb_row][et_pb_row column_structure=\u00bb1_3,1_3,1_3&#8243; _builder_version=\u00bb4.16&#8243; _module_preset=\u00bbdefault\u00bb background_color=\u00bbRGBA(0,0,0,0)\u00bb custom_margin=\u00bb-139px|auto||auto||\u00bb custom_padding=\u00bb||39px||false|false\u00bb global_colors_info=\u00bb{}\u00bb][et_pb_column type=\u00bb1_3&#8243; _builder_version=\u00bb4.16&#8243; _module_preset=\u00bbdefault\u00bb background_color=\u00bb#efeded\u00bb animation_style=\u00bbfade\u00bb border_radii=\u00bbon|15px|15px|15px|15px\u00bb global_colors_info=\u00bb{}\u00bb][et_pb_image src=\u00bbhttps:\/\/editorialalegoria.com\/web\/wp-content\/uploads\/azeta.png\u00bb title_text=\u00bbazeta\u00bb align=\u00bbcenter\u00bb _builder_version=\u00bb4.16&#8243; _module_preset=\u00bbdefault\u00bb custom_margin=\u00bb7px||6px|15px|false|false\u00bb custom_padding=\u00bb11px||13px|||\u00bb global_colors_info=\u00bb{}\u00bb][\/et_pb_image][et_pb_text _builder_version=\u00bb4.16&#8243; _module_preset=\u00bbdefault\u00bb header_2_font=\u00bbRubik|300|||||||\u00bb header_2_text_color=\u00bb#494949&#8243; header_2_font_size=\u00bb22px\u00bb header_2_line_height=\u00bb1.5em\u00bb header_3_font=\u00bb||||||||\u00bb header_3_text_align=\u00bbleft\u00bb header_3_text_color=\u00bb#A50004&#8243; header_3_font_size=\u00bb16px\u00bb header_3_line_height=\u00bb1.3em\u00bb custom_margin=\u00bb5px|25px|3px|25px|false|true\u00bb custom_padding=\u00bb8px||23px||false|false\u00bb global_colors_info=\u00bb{}\u00bb]<\/p>\n<h2><span style=\"color: #800000;\"><strong>Azeta nos distribuye en toda Espa\u00f1a, incluidas las islas, Ceuta y Melilla.<\/strong><\/span><\/h2>\n<h4 style=\"text-align: center;\">AZETA DISTRIBUCIONES<\/h4>\n<p style=\"text-align: center;\">Tlf.: 958 57 88 20 \/ 958 55 20 85 \/<br \/>954 18 67 95<\/p>\n<p style=\"text-align: center;\"><a href=\"mailto:info@azeta.es\">info@azeta.es \/\u00a0<\/a><a href=\"mailto:sevilla@azeta.es\" style=\"font-size: 16px;\">sevilla@azeta.es \/ <\/a><a href=\"https:\/\/www.azetadistribuciones.es\" target=\"_blank\" rel=\"noopener noreferrer\">www.azetadistribuciones.es<\/a><\/p>\n<p>[\/et_pb_text][et_pb_image src=\u00bbhttps:\/\/editorialalegoria.com\/web\/wp-content\/uploads\/young-student-picking-book-from-the-shelf-in-the-library-Large-1.jpg\u00bb title_text=\u00bbyoung-student-picking-book-from-the-shelf-in-the-library (Large) (1)\u00bb align=\u00bbcenter\u00bb _builder_version=\u00bb4.23.1&#8243; _module_preset=\u00bbdefault\u00bb global_colors_info=\u00bb{}\u00bb][\/et_pb_image][\/et_pb_column][et_pb_column type=\u00bb1_3&#8243; _builder_version=\u00bb4.16&#8243; _module_preset=\u00bbdefault\u00bb background_color=\u00bb#efeded\u00bb animation_style=\u00bbfade\u00bb border_radii=\u00bbon|15px|15px|15px|15px\u00bb global_colors_info=\u00bb{}\u00bb][et_pb_blurb title=\u00bbVENTA DIRECTA A LIBRER\u00cdAS \/ DISTRIBUIDORAS\u00bb url=\u00bbhttps:\/\/zfrmz.eu\/m38o5jw3QkSuxbFWdtaC\u00bb image=\u00bbhttps:\/\/editorialalegoria.com\/web\/wp-content\/uploads\/logo-alegoria-proteccion-datos.jpg\u00bb alt=\u00bbEditorial Alegor\u00eda\u00bb _builder_version=\u00bb4.25.1&#8243; _module_preset=\u00bbdefault\u00bb header_font=\u00bb|700|||||||\u00bb header_text_align=\u00bbcenter\u00bb header_text_color=\u00bb#3d1ed8&#8243; header_font_size=\u00bb20px\u00bb body_text_color=\u00bb#000000&#8243; body_line_height=\u00bb1.3em\u00bb custom_margin=\u00bb19px|15px|19px|15px|true|true\u00bb global_colors_info=\u00bb{}\u00bb]<\/p>\n<p><span style=\"vertical-align: inherit;\"><span style=\"vertical-align: inherit;\"><span style=\"vertical-align: inherit;\"><span style=\"vertical-align: inherit;\">Le servimos directamente los ejemplares que desee:<\/span><\/span><\/span><\/span><\/p>\n<h4 style=\"text-align: center;\"><strong><span style=\"color: #800000;\"><span style=\"vertical-align: inherit;\"><span style=\"vertical-align: inherit;\"><span style=\"vertical-align: inherit;\"><span style=\"vertical-align: inherit;\"><span style=\"color: #3d1ed8;\">Condiciones de compra:<\/span><\/span><\/span><\/span><\/span><\/span><\/strong><\/h4>\n<p>Compra m\u00ednima 6 ejemplares.<\/p>\n<p>** <strong>Librer\u00edas vinculadas a centros escolares<\/strong>: mismas condiciones que los centros escolares: mirar columna de la derecha.<\/p>\n<p><span style=\"color: #0000ff;\"><strong><span style=\"vertical-align: inherit;\"><span style=\"vertical-align: inherit;\"><span style=\"vertical-align: inherit;\"><span style=\"vertical-align: inherit;\">Gastos de env\u00edo<\/span><\/span><\/span><\/span><\/strong><\/span><span style=\"vertical-align: inherit;\"><span style=\"vertical-align: inherit;\"><span style=\"vertical-align: inherit;\"><span style=\"vertical-align: inherit;\"><span style=\"color: #0000ff;\">: a cargo del cliente<\/span>. Precio de env\u00edo, seg\u00fan n\u00famero de ejemplares y seg\u00fan destino: m\u00ednimo 12 \u20ac.<\/span><\/span><\/span><\/span><\/p>\n<p><span style=\"color: #0000ff;\"><strong><span style=\"vertical-align: inherit;\"><span style=\"vertical-align: inherit;\">Compras en firme sin devoluci\u00f3n<\/span><\/span><\/strong><\/span><span style=\"vertical-align: inherit;\"><span style=\"vertical-align: inherit;\">: <span style=\"text-decoration: underline;\"><strong>pago previo por transferencia. No se admiten devoluciones de ejemplares enviados.<\/strong><\/span><\/span><\/span><\/p>\n<p><span style=\"vertical-align: inherit;\">Env\u00ede su pedido rellenando este formulario:<\/span><\/p>\n<p style=\"text-align: center;\"><a href=\"https:\/\/forms.zohopublic.eu\/editorialalegoria\/form\/PEDIDOLIBRERASCONSOLICITUDDEFACTURA\/formperma\/ywI9SKHhBq5crbYAP63Qimp7c_9tZsHvH3RWGonkbMA\" class=\"small-button smallblue\" target=\"_blank\" rel=\"noopener\"><span style=\"color: #000000;\"><strong>LIBRER\u00cdAS. \u00a1HACER EL PEDIDO!<\/strong><\/span><\/a><\/p>\n<p>[\/et_pb_blurb][\/et_pb_column][et_pb_column type=\u00bb1_3&#8243; _builder_version=\u00bb4.16&#8243; _module_preset=\u00bbdefault\u00bb background_color=\u00bb#efeded\u00bb animation_style=\u00bbfade\u00bb border_radii=\u00bbon|15px|15px|15px|15px\u00bb border_color_all=\u00bb#DBDBDB\u00bb global_colors_info=\u00bb{}\u00bb][et_pb_blurb title=\u00bbVENTA DIRECTA A CENTROS ESCOLARES\u00bb image=\u00bbhttps:\/\/editorialalegoria.com\/web\/wp-content\/uploads\/logo-alegoria-proteccion-datos.jpg\u00bb alt=\u00bbEditorial Alegor\u00eda\u00bb admin_label=\u00bbVENTA DIRECTA A CENTROS ESCOLARES\u00bb _builder_version=\u00bb4.27.5&#8243; _module_preset=\u00bbdefault\u00bb header_font=\u00bb|700|||||||\u00bb header_text_align=\u00bbcenter\u00bb header_text_color=\u00bb#119292&#8243; header_font_size=\u00bb22px\u00bb body_line_height=\u00bb1.3em\u00bb custom_margin=\u00bb20px|20px|20px|20px|true|true\u00bb custom_padding=\u00bb0px|0px|0px|0px|true|true\u00bb hover_enabled=\u00bb0&#8243; global_colors_info=\u00bb{}\u00bb sticky_enabled=\u00bb0&#8243;]<\/p>\n<p style=\"text-align: left;\">\u00a0<span style=\"vertical-align: inherit;\"><span style=\"vertical-align: inherit;\"><span style=\"vertical-align: inherit;\"><span style=\"vertical-align: inherit;\"><span style=\"vertical-align: inherit;\"><span style=\"vertical-align: inherit;\"><span style=\"vertical-align: inherit;\"><span style=\"vertical-align: inherit;\"><span style=\"vertical-align: inherit;\"><span style=\"vertical-align: inherit;\">Le servimos directamente los ejemplares que desee:<\/span><\/span><\/span><\/span><\/span><\/span><\/span><\/span><\/span><\/span><\/p>\n<h4 style=\"text-align: center;\"><span style=\"color: #008080;\"><strong><span style=\"vertical-align: inherit;\"><span style=\"vertical-align: inherit;\"><span style=\"vertical-align: inherit;\"><span style=\"vertical-align: inherit;\"><span style=\"vertical-align: inherit;\"><span style=\"vertical-align: inherit;\"><span style=\"vertical-align: inherit;\"><span style=\"vertical-align: inherit;\"><span style=\"vertical-align: inherit;\"><span style=\"vertical-align: inherit;\">Condiciones <\/span><\/span><\/span><\/span><\/span><\/span><\/span><\/span><\/span><\/span><span style=\"vertical-align: inherit;\"><span style=\"vertical-align: inherit;\"><span style=\"vertical-align: inherit;\"><span style=\"vertical-align: inherit;\"><span style=\"vertical-align: inherit;\"><span style=\"vertical-align: inherit;\"><span style=\"vertical-align: inherit;\"><span style=\"vertical-align: inherit;\"><span style=\"vertical-align: inherit;\"><span style=\"vertical-align: inherit;\">de compra:<\/span><\/span><\/span><\/span><\/span><\/span><\/span><\/span><\/span><\/span><\/strong><\/span><\/h4>\n<p><strong>Descuentos aplicables a compras de libros de texto<\/strong> (manuales): en compras de 30 ejemplares o m\u00e1s, el precio por ejemplar se reducir\u00e1 en 2 \u20ac (<em>ejemplo: Oratoria y Debate pasar\u00eda de 34 \u20ac a 32 \u20ac<\/em>).<\/p>\n<p><strong>Compra m\u00ednima licencias digitales libro del alumno<\/strong>: 15 licencias por t\u00edtulo. (La licencia del profesor no puede ser comprada).<\/p>\n<p><strong><span style=\"vertical-align: inherit;\">Gastos de env\u00edo<\/span><\/strong><span style=\"vertical-align: inherit;\">: <span style=\"color: #008080;\">los gastos de env\u00edo ser\u00e1n 6 \u20ac dentro de la Pen\u00ednsula.<strong> Promoci\u00f3n env\u00edo: pedidos superiores a 50 \u20ac, exentos de gastos de env\u00edo (no se promocionar\u00e1 el env\u00edo en pedidos con descuento aplicado)<\/strong>.<\/span><\/span><\/p>\n<p><strong>Hacemos env\u00edos \u00fanicamente dentro de la Pen\u00ednsula<\/strong>.<span style=\"color: #808080;\"> Para compras desde las islas, <span style=\"vertical-align: inherit;\">Ceuta y Melilla, por favor, dir\u00edjase a su librer\u00eda de confianza.<\/span><\/span><\/p>\n<p><strong><span style=\"vertical-align: inherit;\">Compras en firme sin devoluci\u00f3n<\/span><\/strong><span style=\"vertical-align: inherit;\">: <strong><span style=\"text-decoration: underline;\">pago previo al env\u00edo de los libros, por transferencia bancaria. No se admiten devoluciones de ejemplares facturados<\/span>.\u00a0<\/strong><\/span><\/p>\n<p><span style=\"vertical-align: inherit;\">Rellenando el siguiente formulario le llegar\u00e1 la factura proforma que deber\u00e1 abonar para recibir los libros en su centro:<span style=\"color: #008080;\">\u00a0<\/span><\/span><\/p>\n<p>&nbsp;<\/p>\n<a href=\"https:\/\/forms.zohopublic.eu\/editorialalegoria\/form\/PEDIDOLIBROSDATOSCENTROSDETRABAJOPARAFACTURAR\/formperma\/HIsEjaD63tzKgCp3_V1ma6OP-yy9_Hf0GX6S6qUiCps\" class=\"small-button smallteal\" target=\"_blank\" rel=\"noopener\"><span style=\"color: #000000;\"><strong>CENTROS ESCOLARES. \u00a1HACER EL PEDIDO!<\/strong><\/span><\/a>\n<p>[\/et_pb_blurb][\/et_pb_column][\/et_pb_row][et_pb_row _builder_version=\u00bb4.23.1&#8243; _module_preset=\u00bbdefault\u00bb background_color=\u00bb#E8F5E9&#8243; global_colors_info=\u00bb{}\u00bb][et_pb_column type=\u00bb4_4&#8243; _builder_version=\u00bb4.23.1&#8243; _module_preset=\u00bbdefault\u00bb global_colors_info=\u00bb{}\u00bb][et_pb_button button_text=\u00bb**  NOTA IMPORTANTE SOBRE EL ACCESO A LOS RECURSOS DEL PROFESOR  **\u00bb button_alignment=\u00bbcenter\u00bb _builder_version=\u00bb4.23.1&#8243; _module_preset=\u00bbdefault\u00bb custom_button=\u00bbon\u00bb button_text_size=\u00bb25px\u00bb button_text_color=\u00bb#8C3712&#8243; button_bg_color=\u00bb#FFFFFF\u00bb button_border_color=\u00bb#FFFFFF\u00bb button_font=\u00bb|800|||||||\u00bb button_icon=\u00bb&#x7a;||divi||400&#8243; button_icon_color=\u00bb#E8F5E9&#8243; button_icon_placement=\u00bbleft\u00bb custom_margin=\u00bb5px|2px|0px|2px|false|true\u00bb animation_style=\u00bbroll\u00bb animation_delay=\u00bb750ms\u00bb box_shadow_style=\u00bbpreset2&#8243; box_shadow_color=\u00bb#494949&#8243; global_colors_info=\u00bb{}\u00bb][\/et_pb_button][et_pb_text _builder_version=\u00bb4.23.1&#8243; _module_preset=\u00bbdefault\u00bb text_font_size=\u00bb20px\u00bb background_color=\u00bbRGBA(255,255,255,0)\u00bb custom_margin=\u00bb10px||0px||false|false\u00bb global_colors_info=\u00bb{}\u00bb]<\/p>\n<h5>\u00a0<\/h5>\n<h5 style=\"text-align: center;\"><strong>Cada uno de los manuales de Editorial Alegor\u00eda va acompa\u00f1ado de la\u00a0programaci\u00f3n did\u00e1ctica\u00a0y la\u00a0gu\u00eda did\u00e1ctica que incluye el solucionario. Estos recursos est\u00e1n alojados en la\u00a0<span style=\"color: #0000ff;\">Academia Virtual Alegor\u00eda\u00a0<\/span>y son de uso exclusivo de los\u00a0<span style=\"color: #0000ff;\">CENTROS CLIENTES<\/span>.<\/strong><\/h5>\n<p>&nbsp;<\/p>\n<p>[\/et_pb_text][\/et_pb_column][\/et_pb_row][et_pb_row column_structure=\u00bb1_4,1_4,1_4,1_4&#8243; _builder_version=\u00bb4.23.1&#8243; _module_preset=\u00bbdefault\u00bb background_color=\u00bb#E8F5E9&#8243; width=\u00bb82%\u00bb module_alignment=\u00bbcenter\u00bb custom_margin=\u00bb5px|5px|5px|5px|true|true\u00bb custom_padding=\u00bb||||false|false\u00bb border_width_all=\u00bb1px\u00bb border_color_all=\u00bb#FFFFFF\u00bb box_shadow_style=\u00bbpreset1&#8243; global_colors_info=\u00bb{}\u00bb][et_pb_column type=\u00bb1_4&#8243; _builder_version=\u00bb4.16&#8243; _module_preset=\u00bbdefault\u00bb global_colors_info=\u00bb{}\u00bb][et_pb_text _builder_version=\u00bb4.23.1&#8243; _module_preset=\u00bbdefault\u00bb text_font_size=\u00bb21px\u00bb text_letter_spacing=\u00bb2px\u00bb text_line_height=\u00bb1.2em\u00bb custom_margin=\u00bb-4px|20px|-4px|20px|true|true\u00bb custom_padding=\u00bb25px|10px|25px|10px|true|true\u00bb global_colors_info=\u00bb{}\u00bb]<\/p>\n<h3><strong>\u00bfQU\u00c9 ES UN CENTRO CLIENTE?<\/strong><\/h3>\n<p>Centros clientes son aquellos que ponen nuestros libros de texto como manuales obligatorios y\u00a0los alumnos trabajan con su propio ejemplar.<\/p>\n<p>[\/et_pb_text][\/et_pb_column][et_pb_column type=\u00bb1_4&#8243; _builder_version=\u00bb4.16&#8243; _module_preset=\u00bbdefault\u00bb global_colors_info=\u00bb{}\u00bb][et_pb_text _builder_version=\u00bb4.23.1&#8243; _module_preset=\u00bbdefault\u00bb custom_margin=\u00bb5px|-4px|5px|-4px|true|true\u00bb custom_padding=\u00bb9px|18px|9px|18px|true|true\u00bb global_colors_info=\u00bb{}\u00bb]<\/p>\n<h3><strong>\u00bfQU\u00c9 NO ES UN CENTRO CLIENTE?<\/strong><\/h3>\n<p>Si el centro escolar compra uno o varios ejemplares para uso del profesorado pero no lo pone como manual de compra obligatoria para los alumnos, no ser\u00e1 considerado centro cliente y, por tanto, los docentes no tendr\u00e1n acceso a la Academia Virtual Alegor\u00eda (reservada a los centros clientes).<\/p>\n<p>[\/et_pb_text][\/et_pb_column][et_pb_column type=\u00bb1_4&#8243; _builder_version=\u00bb4.16&#8243; _module_preset=\u00bbdefault\u00bb global_colors_info=\u00bb{}\u00bb][et_pb_text _builder_version=\u00bb4.25.1&#8243; _module_preset=\u00bbdefault\u00bb global_colors_info=\u00bb{}\u00bb]<\/p>\n<h3><strong>C\u00d3MO SABR\u00c1 EDITORIAL ALEGOR\u00cdA QUE UN CENTRO HA PUESTO NUESTROS LIBROS COMO OBLIGATORIOS<\/strong><\/h3>\n<p>De dos maneras:<\/p>\n<ol>\n<li>El centro har\u00e1 una <strong>compra directa de un m\u00ednimo de 15<\/strong> libros f\u00edsicos de un mismo t\u00edtulo o 15 licencias digitales de un mismo t\u00edtulo. (IMPORTANTE: si la compra no es directamente a la editorial sino a trav\u00e9s de terceros, tendr\u00e1 que darse el requisito segundo: listados oficiales).<\/li>\n<li>El centro enviar\u00e1 a la editorial un <strong>enlace directo al listado oficial de libros de texto<\/strong> de su centro (ojo: si el enlace recibido no lleva a dicho listado, la tramitaci\u00f3n del alta en la Academia Virtual Alegor\u00eda se pospondr\u00e1 hasta que el docente env\u00ede el listado oficial de libros de texto).<\/li>\n<\/ol>\n<p>[\/et_pb_text][\/et_pb_column][et_pb_column type=\u00bb1_4&#8243; _builder_version=\u00bb4.16&#8243; _module_preset=\u00bbdefault\u00bb global_colors_info=\u00bb{}\u00bb][et_pb_text _builder_version=\u00bb4.25.1&#8243; _module_preset=\u00bbdefault\u00bb text_font=\u00bb|700|||||||\u00bb text_text_color=\u00bb#494848&#8243; text_font_size=\u00bb66px\u00bb background_color=\u00bbRGBA(255,255,255,0)\u00bb text_orientation=\u00bbcenter\u00bb module_alignment=\u00bbcenter\u00bb custom_margin=\u00bb20px|16px|0px|16px|false|true\u00bb animation_style=\u00bbslide\u00bb animation_delay=\u00bb550ms\u00bb border_color_all=\u00bbRGBA(255,255,255,0)\u00bb global_colors_info=\u00bb{}\u00bb]<\/p>\n<h3>\u00a0<\/h3>\n<p>&nbsp;<\/p>\n<h3 style=\"text-align: center;\"><span style=\"color: #0000ff;\"><strong>Los recursos del profesor no est\u00e1n a la venta. <\/strong><\/span><\/h3>\n<h3 style=\"text-align: center;\"><span style=\"color: #0000ff;\"><strong>Son de acceso gratuito para nuestros clientes.<\/strong><\/span><\/h3>\n<h2 style=\"text-align: center;\"><a href=\"https:\/\/forms.zohopublic.eu\/editorialalegoria\/form\/FormularioProfesoresJefedepartamento\/formperma\/lqr4ArPDMgmBLB_-Igvc_1vjUlnINZNDZu0nwrV91aY\" class=\"small-button smallteal\" target=\"_blank\" rel=\"noopener\"><span style=\"color: #000000;\"><strong>CUMPLO LOS REQUISITOS: SOLICITO ACCESO A LA ACADEMIA VIRTUAL ALEGOR\u00cdA<\/strong><\/span><\/a><\/h2>\n<h6>\u00a0<\/h6>\n<h6 style=\"text-align: center;\"><span style=\"color: #0000ff;\"><strong>Las compras de hasta 20 ejemplares del mismo t\u00edtulo dar\u00e1n derecho a 1 acceso de profesor a la Academia Virtual Alegor\u00eda durante 2 cursos escolares (es decir, si se compran ejemplares para 20 alumnos, solo habr\u00e1 1 profesor con acceso a la AVA, que es quien impartir\u00e1 clase a dicho grupo).<\/strong><\/span><\/h6>\n<p>[\/et_pb_text][\/et_pb_column][\/et_pb_row][et_pb_row _builder_version=\u00bb4.23.1&#8243; _module_preset=\u00bbdefault\u00bb global_colors_info=\u00bb{}\u00bb][et_pb_column type=\u00bb4_4&#8243; _builder_version=\u00bb4.23.1&#8243; _module_preset=\u00bbdefault\u00bb global_colors_info=\u00bb{}\u00bb][\/et_pb_column][\/et_pb_row][\/et_pb_section][et_pb_section fb_built=\u00bb1&#8243; _builder_version=\u00bb4.16&#8243; _module_preset=\u00bbdefault\u00bb custom_padding=\u00bb13px|||||\u00bb global_colors_info=\u00bb{}\u00bb][\/et_pb_section]<\/p>\n","protected":false},"excerpt":{"rendered":"<p><nav aria-label=\"breadcrumbs\" class=\"rank-math-breadcrumb\"><p><span class=\"last\">Inicio<\/span><\/p><\/nav>\u00a0VACACIONES DEL ALMAC\u00c9N: CERRAMOS EL MARTES 11 DE JULIO Estimado cliente: entre el 11 de julio y el 30 de agosto nuestro almac\u00e9n permanecer\u00e1 cerrado. Si desean recibir pedidos en este periodo, le ruego que contacte con AZETA. En caso de que pueda esperar, le atenderemos gustosamente el 1 de septiembre.\u00a0 Editorial Alegor\u00eda cierra del [&hellip;]<\/p>\n","protected":false},"author":1,"featured_media":0,"parent":13353,"menu_order":0,"comment_status":"closed","ping_status":"closed","template":"","meta":{"_et_pb_use_builder":"on","_et_pb_old_content":"","_et_gb_content_width":"","footnotes":""},"class_list":["post-15","page","type-page","status-publish","hentry"],"_links":{"self":[{"href":"https:\/\/editorialalegoria.com\/web\/wp-json\/wp\/v2\/pages\/15","targetHints":{"allow":["GET"]}}],"collection":[{"href":"https:\/\/editorialalegoria.com\/web\/wp-json\/wp\/v2\/pages"}],"about":[{"href":"https:\/\/editorialalegoria.com\/web\/wp-json\/wp\/v2\/types\/page"}],"author":[{"embeddable":true,"href":"https:\/\/editorialalegoria.com\/web\/wp-json\/wp\/v2\/users\/1"}],"replies":[{"embeddable":true,"href":"https:\/\/editorialalegoria.com\/web\/wp-json\/wp\/v2\/comments?post=15"}],"version-history":[{"count":152,"href":"https:\/\/editorialalegoria.com\/web\/wp-json\/wp\/v2\/pages\/15\/revisions"}],"predecessor-version":[{"id":223962,"href":"https:\/\/editorialalegoria.com\/web\/wp-json\/wp\/v2\/pages\/15\/revisions\/223962"}],"up":[{"embeddable":true,"href":"https:\/\/editorialalegoria.com\/web\/wp-json\/wp\/v2\/pages\/13353"}],"wp:attachment":[{"href":"https:\/\/editorialalegoria.com\/web\/wp-json\/wp\/v2\/media?parent=15"}],"curies":[{"name":"wp","href":"https:\/\/api.w.org\/{rel}","templated":true}]}}