{"id":222322,"date":"2023-02-15T12:34:46","date_gmt":"2023-02-15T11:34:46","guid":{"rendered":"https:\/\/editorialalegoria.com\/web\/?page_id=222322"},"modified":"2023-02-15T13:11:53","modified_gmt":"2023-02-15T12:11:53","slug":"el-gato-subjetivo","status":"publish","type":"page","link":"https:\/\/editorialalegoria.com\/web\/el-gato-subjetivo\/","title":{"rendered":"El gato subjetivo"},"content":{"rendered":"\n[et_pb_section fb_built=\u00bb1&#8243; _builder_version=\u00bb4.9.4&#8243; _module_preset=\u00bbdefault\u00bb background_image=\u00bbhttps:\/\/editorialalegoria.com\/web\/wp-content\/uploads\/la-editorial.jpg\u00bb parallax=\u00bbon\u00bb custom_margin=\u00bb10px||10px||true|\u00bb custom_padding=\u00bb71px||71px||true|false\u00bb][et_pb_row _builder_version=\u00bb4.9.4&#8243; _module_preset=\u00bbdefault\u00bb background_color=\u00bbrgba(255,255,255,0.87)\u00bb custom_margin=\u00bb||||false|false\u00bb custom_padding=\u00bb40px|50px|40px|65px|true|false\u00bb hover_enabled=\u00bb0&#8243; border_radii=\u00bbon|14px|14px|14px|14px\u00bb border_width_all=\u00bb1px\u00bb border_color_all=\u00bbrgba(165,0,4,0.71)\u00bb box_shadow_style=\u00bbpreset1&#8243; sticky_enabled=\u00bb0&#8243;][et_pb_column type=\u00bb4_4&#8243; _builder_version=\u00bb4.9.4&#8243; _module_preset=\u00bbdefault\u00bb][et_pb_post_title meta=\u00bboff\u00bb featured_image=\u00bboff\u00bb _builder_version=\u00bb4.9.4&#8243; _module_preset=\u00bbdefault\u00bb title_font=\u00bbRubik|300|||||||\u00bb title_text_color=\u00bb#A50004&#8243; title_font_size=\u00bb32px\u00bb title_line_height=\u00bb1.6em\u00bb custom_margin=\u00bb7px||7px||true|false\u00bb locked=\u00bboff\u00bb][\/et_pb_post_title][et_pb_text _builder_version=\u00bb4.9.4&#8243; _module_preset=\u00bbdefault\u00bb custom_margin=\u00bb||21px|||\u00bb custom_padding=\u00bb0px||0px|||\u00bb]<p><strong>Aleg<\/strong><strong>o<\/strong><strong>r\u00eda\u00a0<\/strong>es una editorial peculiar que no se conforma. De ah\u00ed que hayamos sacado esta nueva colecci\u00f3n rompedora, fresca, sana y l\u00facida para hablar de aquello sobre lo que se calla.\u00a0<\/p>\n<p>El gato subjetivo pretende indagar en la realidad pol\u00edtica y social espa\u00f1ola. Los t\u00edtulos que pertenecen a ella ofrecen an\u00e1lisis, mirada, reflexi\u00f3n, cr\u00edtica y humor.\u00a0<\/p>[\/et_pb_text][\/et_pb_column][\/et_pb_row][\/et_pb_section][et_pb_section fb_built=\u00bb1&#8243; _builder_version=\u00bb4.9.4&#8243; _module_preset=\u00bbdefault\u00bb background_color=\u00bb#A80038&#8243; max_width=\u00bb100%\u00bb][et_pb_row column_structure=\u00bb1_3,1_3,1_3&#8243; _builder_version=\u00bb4.9.4&#8243; _module_preset=\u00bbdefault\u00bb background_color=\u00bb#A80038&#8243; background_position=\u00bbcenter_right\u00bb width=\u00bb100%\u00bb module_alignment=\u00bbcenter\u00bb][et_pb_column type=\u00bb1_3&#8243; _builder_version=\u00bb4.9.4&#8243; _module_preset=\u00bbdefault\u00bb][et_pb_blurb title=\u00bb      Eros y pol\u00edtica, de Juan Abreu \u00a1PROXIMA APARICI\u00d3N!\u00bb url=\u00bbhttps:\/\/editorialalegoria.com\/web\/libro\/eros-y-politica\/\u00bb image=\u00bbhttps:\/\/editorialalegoria.com\/web\/wp-content\/uploads\/portada-Eros-y-politica.jpg\u00bb icon_alignment=\u00bbleft\u00bb _builder_version=\u00bb4.9.4&#8243; _module_preset=\u00bbdefault\u00bb background_color=\u00bb#000000&#8243; text_orientation=\u00bbcenter\u00bb background_layout=\u00bbdark\u00bb]<p><span style=\"color: #ffffff;\"><strong>Ya puedes adquirirlo aqu\u00ed y te llegar\u00e1 a tu domicilio en breve.<\/strong><\/span><\/p>\n<p><span style=\"color: #ffffff;\"><strong>\u00a0<\/strong><\/span><\/p>[\/et_pb_blurb][\/et_pb_column][et_pb_column type=\u00bb1_3&#8243; _builder_version=\u00bb4.9.4&#8243; _module_preset=\u00bbdefault\u00bb][\/et_pb_column][et_pb_column type=\u00bb1_3&#8243; _builder_version=\u00bb4.9.4&#8243; _module_preset=\u00bbdefault\u00bb][\/et_pb_column][\/et_pb_row][\/et_pb_section]\n","protected":false},"excerpt":{"rendered":"<p>Alegor\u00eda\u00a0es una editorial peculiar que no se conforma. De ah\u00ed que hayamos sacado esta nueva colecci\u00f3n rompedora, fresca, sana y l\u00facida para hablar de aquello sobre lo que se calla.\u00a0 El gato subjetivo pretende indagar en la realidad pol\u00edtica y social espa\u00f1ola. Los t\u00edtulos que pertenecen a ella ofrecen an\u00e1lisis, mirada, reflexi\u00f3n, cr\u00edtica y humor.\u00a0Ya [&hellip;]<\/p>\n","protected":false},"author":1,"featured_media":222321,"parent":0,"menu_order":0,"comment_status":"closed","ping_status":"closed","template":"","meta":{"_et_pb_use_builder":"on","_et_pb_old_content":"[et_pb_section fb_built=\"1\" _builder_version=\"4.8.1\" _module_preset=\"default\" custom_padding=\"||12px|||\" global_module=\"14515\"][et_pb_row _builder_version=\"4.8.1\" _module_preset=\"default\" width=\"100%\" custom_margin=\"-3px|auto|-2px|auto||\" custom_padding=\"11px||8px|||\"][et_pb_column type=\"4_4\" _builder_version=\"4.8.1\" _module_preset=\"default\"][et_pb_text _builder_version=\"4.8.1\" _module_preset=\"default\" text_font=\"Rubik|300|||||||\" text_text_color=\"#000000\" text_font_size=\"15px\" text_line_height=\"1.3em\"]\n\n<span>[rank_math_breadcrumb]<\/span>\n\n[\/et_pb_text][\/et_pb_column][\/et_pb_row][\/et_pb_section][et_pb_section fb_built=\"1\" _builder_version=\"4.9.4\" _module_preset=\"default\" background_image=\"http:\/\/editorialalegoria.com\/web\/wp-content\/uploads\/la-editorial.jpg\" parallax=\"on\" custom_margin=\"10px||10px||true|\" custom_padding=\"71px||71px||true|false\"][et_pb_row _builder_version=\"4.9.4\" _module_preset=\"default\" background_color=\"rgba(255,255,255,0.87)\" custom_margin=\"||||false|false\" custom_padding=\"40px|50px|40px|65px|true|false\" border_radii=\"on|14px|14px|14px|14px\" border_width_all=\"1px\" border_color_all=\"rgba(165,0,4,0.71)\" box_shadow_style=\"preset1\"][et_pb_column type=\"4_4\" _builder_version=\"4.9.4\" _module_preset=\"default\"][et_pb_post_title meta=\"off\" featured_image=\"off\" _builder_version=\"4.9.4\" _module_preset=\"default\" title_font=\"Rubik|300|||||||\" title_font_size=\"22px\" title_line_height=\"1.6em\" custom_margin=\"7px||7px||true|false\" locked=\"off\"][\/et_pb_post_title][et_pb_text _builder_version=\"4.9.4\" _module_preset=\"default\" custom_margin=\"||21px|||\"]\n\n<strong>Aleg<\/strong><strong>o<\/strong><strong>r\u00eda&nbsp;<\/strong>es una editorial que tiene como principal vocaci\u00f3n la de alumbrar libros que hagan accesible a todos los p\u00fablicos las mejores creaciones del esp\u00edritu humano. Esta labor divulgadora nos lleva a ocuparnos, no de manera exclusiva pero s\u00ed preferente, del mundo de la ense\u00f1anza, bien dando a luz obras que reflexionen en profundidad sobre la situaci\u00f3n educativa, bien publicando <strong>libros de texto atractivos y claros<\/strong>, nacidos de la experiencia directa del aula.\n\nTambi\u00e9n nos ocupamos de editar obras injustamente olvidadas o ignoradas, que no encajan en la corriente comercial de los tiempos. Dec\u00eda Naguib Mahfouz que \u00abTu hogar no es donde naciste; el hogar es donde todos tus intentos de escapar cesan\u00bb. Y nosotros estamos justo donde queremos estar.\n\nPor ello no nos asusta ocuparnos de los cl\u00e1sicos \u2014inmunes al paso del tiempo\u2014 con la convicci\u00f3n de que suponen la mejor compa\u00f1\u00eda para una adecuada preparaci\u00f3n cultural, y esta, el mejor bagaje para una vida digna y feliz, civilizada y libre.\n\n\u00bfUt\u00f3picos? No. En todo caso,<em> eut\u00f3picos<\/em>: a favor de habitar un buen (<em>\u03b5\u00fa<\/em>) lugar (<em>\u03c4\u03cc\u03c0\u03bf\u03c2<\/em>). Para todos.\n\n[\/et_pb_text][\/et_pb_column][\/et_pb_row][\/et_pb_section]","_et_gb_content_width":"","footnotes":""},"class_list":["post-222322","page","type-page","status-publish","has-post-thumbnail","hentry"],"_links":{"self":[{"href":"https:\/\/editorialalegoria.com\/web\/wp-json\/wp\/v2\/pages\/222322","targetHints":{"allow":["GET"]}}],"collection":[{"href":"https:\/\/editorialalegoria.com\/web\/wp-json\/wp\/v2\/pages"}],"about":[{"href":"https:\/\/editorialalegoria.com\/web\/wp-json\/wp\/v2\/types\/page"}],"author":[{"embeddable":true,"href":"https:\/\/editorialalegoria.com\/web\/wp-json\/wp\/v2\/users\/1"}],"replies":[{"embeddable":true,"href":"https:\/\/editorialalegoria.com\/web\/wp-json\/wp\/v2\/comments?post=222322"}],"version-history":[{"count":5,"href":"https:\/\/editorialalegoria.com\/web\/wp-json\/wp\/v2\/pages\/222322\/revisions"}],"predecessor-version":[{"id":222356,"href":"https:\/\/editorialalegoria.com\/web\/wp-json\/wp\/v2\/pages\/222322\/revisions\/222356"}],"wp:featuredmedia":[{"embeddable":true,"href":"https:\/\/editorialalegoria.com\/web\/wp-json\/wp\/v2\/media\/222321"}],"wp:attachment":[{"href":"https:\/\/editorialalegoria.com\/web\/wp-json\/wp\/v2\/media?parent=222322"}],"curies":[{"name":"wp","href":"https:\/\/api.w.org\/{rel}","templated":true}]}}