{"id":13803,"date":"2021-03-11T15:15:40","date_gmt":"2021-03-11T14:15:40","guid":{"rendered":"http:\/\/editorialalegoria.com\/web\/producto\/despertando-a-la-razon\/"},"modified":"2024-09-04T10:23:38","modified_gmt":"2024-09-04T08:23:38","slug":"despertando-a-la-razon","status":"publish","type":"product","link":"https:\/\/editorialalegoria.com\/web\/libro\/despertando-a-la-razon\/","title":{"rendered":"Despertando a la raz\u00f3n"},"content":{"rendered":"<p><em>Despertando a la raz\u00f3n<\/em> es un libro escrito pensando en un lector no experto en filosof\u00eda por lo que se ha cuidado que tenga un lenguaje culto pero accesible a un amplio sector de lectores. En \u00e9l se tratan algunos de los principales interrogantes de la Filosof\u00eda: Pensar el ser humano, Pensar la \u00c9tica, Pensar la Pol\u00edtica, Pensar el Mundo y Pensar la Muerte. El autor ofrece en cada apartado una sistematizaci\u00f3n de las ideas de los principales autores que han abordado dicha tem\u00e1tica a lo largo de la historia de la Filosof\u00eda pero aportando una visi\u00f3n personal que trata de dar una respuesta original y novedosa a dichos interrogantes. Es un libro que ayuda a pensar cada una de las cuestiones que siempre asaltan al ser humano en uno u otro momento de su existencia. La obra culmina con una visi\u00f3n optimista de la posibilidad de que la naturaleza posea recursos suficientes como para esperar algo m\u00e1s que la aniquilaci\u00f3n final tras la muerte.<\/p>\n","protected":false},"excerpt":{"rendered":"<p>Ensayo. Una introducci\u00f3n al pensamiento filos\u00f3fico para alumnos o personas no expertas en filosof\u00eda. Trata sobre los misterios de la Filosof\u00eda y plantea una optimista visi\u00f3n de vida tras la muerte.<\/p>\n","protected":false},"featured_media":13657,"template":"","meta":{"_et_pb_use_builder":"","_et_pb_old_content":"","_et_gb_content_width":""},"product_brand":[],"product_cat":[82,90,145],"product_tag":[],"class_list":{"0":"post-13803","1":"product","2":"type-product","3":"status-publish","4":"has-post-thumbnail","6":"product_cat-fondo-editorial","7":"product_cat-ensayo","8":"product_cat-ensayo-pensamiento","10":"first","11":"instock","12":"purchasable","13":"product-type-simple"},"_links":{"self":[{"href":"https:\/\/editorialalegoria.com\/web\/wp-json\/wp\/v2\/product\/13803","targetHints":{"allow":["GET"]}}],"collection":[{"href":"https:\/\/editorialalegoria.com\/web\/wp-json\/wp\/v2\/product"}],"about":[{"href":"https:\/\/editorialalegoria.com\/web\/wp-json\/wp\/v2\/types\/product"}],"wp:featuredmedia":[{"embeddable":true,"href":"https:\/\/editorialalegoria.com\/web\/wp-json\/wp\/v2\/media\/13657"}],"wp:attachment":[{"href":"https:\/\/editorialalegoria.com\/web\/wp-json\/wp\/v2\/media?parent=13803"}],"wp:term":[{"taxonomy":"product_brand","embeddable":true,"href":"https:\/\/editorialalegoria.com\/web\/wp-json\/wp\/v2\/product_brand?post=13803"},{"taxonomy":"product_cat","embeddable":true,"href":"https:\/\/editorialalegoria.com\/web\/wp-json\/wp\/v2\/product_cat?post=13803"},{"taxonomy":"product_tag","embeddable":true,"href":"https:\/\/editorialalegoria.com\/web\/wp-json\/wp\/v2\/product_tag?post=13803"}],"curies":[{"name":"wp","href":"https:\/\/api.w.org\/{rel}","templated":true}]}}

Despertando a la razón

<p><em>Despertando a la razón</em> es un libro escrito pensando en un lector no experto en filosofía por lo que se ha cuidado que tenga un lenguaje culto pero accesible a un amplio sector de lectores. En él se tratan algunos de los principales interrogantes de la Filosofía: Pensar el ser humano, Pensar la Ética, Pensar la Política, Pensar el Mundo y Pensar la Muerte. El autor ofrece en cada apartado una sistematización de las ideas de los principales autores que han abordado dicha temática a lo largo de la historia de la Filosofía pero aportando una visión personal que trata de dar una respuesta original y novedosa a dichos interrogantes. Es un libro que ayuda a pensar cada una de las cuestiones que siempre asaltan al ser humano en uno u otro momento de su existencia. La obra culmina con una visión optimista de la posibilidad de que la naturaleza posea recursos suficientes como para esperar algo más que la aniquilación final tras la muerte.</p>

<p>Ensayo. Una introducción al pensamiento filosófico para alumnos o personas no expertas en filosofía. Trata sobre los misterios de la Filosofía y plantea una optimista visión de vida tras la muerte.</p>
