{"id":13813,"date":"2021-03-11T15:15:40","date_gmt":"2021-03-11T14:15:40","guid":{"rendered":"http:\/\/editorialalegoria.com\/web\/producto\/este-es-mi-cuerpo\/"},"modified":"2024-09-12T15:02:11","modified_gmt":"2024-09-12T13:02:11","slug":"este-es-mi-cuerpo","status":"publish","type":"product","link":"https:\/\/editorialalegoria.com\/web\/libro\/este-es-mi-cuerpo\/","title":{"rendered":"Este es mi cuerpo"},"content":{"rendered":"<p>Este es mi cuerpo es una obra que posee un car\u00e1cter \u00fanico en la trayectoria de Miguel Flori\u00e1n, pues en ella el autor a\u00fana las tres actividades creativas a las que ha consagrado su vida: la de ser profesor, fil\u00f3sofo y poeta.<br \/>\nEl resultado es una prosa alada, evocadora, en la que el anhelo de esclarecimiento carece de avidez por injertar tesis o cauterizar asombros.<\/p>\n<p>A esta condici\u00f3n encantadora contribuye de manera singular las personal\u00edsimas ilustraciones de Rafaela G\u00f3mez, que confieren al conjunto un car\u00e1cter de delicada sinfon\u00eda de im\u00e1genes y palabras. Por esta labor creativa, que trasciende el papel ornamental y adjetivo habitualmente asignado a la ilustraci\u00f3n, es reconocida como co-autora del libro.<\/p>\n<p><strong>Enlace a cr\u00edticas u otros<\/strong><\/p>\n<p><a href=\"http:\/\/www.letraaurea.es\/detelecon.php?idEleCon=5#abajo\" target=\"_blank\" rel=\"noopener\">\u2022 Fragmentos de la obra<\/a><br \/>\n\u2022 <a href=\"http:\/\/www.letraaurea.es\/fotos\/este-es-mi-cuerpo.gif\" target=\"_blank\" rel=\"noopener\">\u00cdndice de la obra<\/a><br \/>\n\u2022 <a href=\"http:\/\/www.letraaurea.es\/catelecon.php?idElegen=4\" target=\"_blank\" rel=\"noopener\">Presentaci\u00f3n en La Casa del Libro<\/a><br \/>\n\u2022 <a href=\"http:\/\/www.letraaurea.es\/catelecon.php?idElegen=4\" target=\"_blank\" rel=\"noopener\">Acto en el hotel Inglaterra<\/a><\/p>\n","protected":false},"excerpt":{"rendered":"<p>A trav\u00e9s de los ocho art\u00edculos que constituyen Este es mi cuerpo, el autor se apoya en el mito y se sirve asimismo de un lenguaje donde lo simb\u00f3lico y lo conceptual se confunden. Introduce al lector en el camino hacia lo corp\u00f3reo a trav\u00e9s de sus diversas manifestaciones y de sus m\u00faltiples m\u00e1scaras: el tacto, la enfermedad, el arte, el erotismo&#8230;<\/p>\n<p>\u201cEs desde el cuerpo que amamos, que pensamos, que so\u00f1amos&#8230; es desde el cuerpo, que se hace posible ese complejo laberinto que llamamos mundo\u201d.<\/p>\n","protected":false},"featured_media":13667,"template":"","meta":{"_et_pb_use_builder":"","_et_pb_old_content":"","_et_gb_content_width":""},"product_brand":[],"product_cat":[82,89],"product_tag":[],"class_list":{"0":"post-13813","1":"product","2":"type-product","3":"status-publish","4":"has-post-thumbnail","6":"product_cat-fondo-editorial","7":"product_cat-lirica","9":"first","10":"instock","11":"purchasable","12":"product-type-simple"},"_links":{"self":[{"href":"https:\/\/editorialalegoria.com\/web\/wp-json\/wp\/v2\/product\/13813","targetHints":{"allow":["GET"]}}],"collection":[{"href":"https:\/\/editorialalegoria.com\/web\/wp-json\/wp\/v2\/product"}],"about":[{"href":"https:\/\/editorialalegoria.com\/web\/wp-json\/wp\/v2\/types\/product"}],"wp:featuredmedia":[{"embeddable":true,"href":"https:\/\/editorialalegoria.com\/web\/wp-json\/wp\/v2\/media\/13667"}],"wp:attachment":[{"href":"https:\/\/editorialalegoria.com\/web\/wp-json\/wp\/v2\/media?parent=13813"}],"wp:term":[{"taxonomy":"product_brand","embeddable":true,"href":"https:\/\/editorialalegoria.com\/web\/wp-json\/wp\/v2\/product_brand?post=13813"},{"taxonomy":"product_cat","embeddable":true,"href":"https:\/\/editorialalegoria.com\/web\/wp-json\/wp\/v2\/product_cat?post=13813"},{"taxonomy":"product_tag","embeddable":true,"href":"https:\/\/editorialalegoria.com\/web\/wp-json\/wp\/v2\/product_tag?post=13813"}],"curies":[{"name":"wp","href":"https:\/\/api.w.org\/{rel}","templated":true}]}}

<p>Este es mi cuerpo es una obra que posee un carácter único en la trayectoria de Miguel Florián, pues en ella el autor aúna las tres actividades creativas a las que ha consagrado su vida: la de ser profesor, filósofo y poeta.<br />
El resultado es una prosa alada, evocadora, en la que el anhelo de esclarecimiento carece de avidez por injertar tesis o cauterizar asombros.</p>
<p>A esta condición encantadora contribuye de manera singular las personalísimas ilustraciones de Rafaela Gómez, que confieren al conjunto un carácter de delicada sinfonía de imágenes y palabras. Por esta labor creativa, que trasciende el papel ornamental y adjetivo habitualmente asignado a la ilustración, es reconocida como co-autora del libro.</p>
<p><strong>Enlace a críticas u otros</strong></p>
<p><a href="http://www.letraaurea.es/detelecon.php?idEleCon=5#abajo" target="_blank" rel="noopener">• Fragmentos de la obra</a><br />
• <a href="http://www.letraaurea.es/fotos/este-es-mi-cuerpo.gif" target="_blank" rel="noopener">Índice de la obra</a><br />
• <a href="http://www.letraaurea.es/catelecon.php?idElegen=4" target="_blank" rel="noopener">Presentación en La Casa del Libro</a><br />
• <a href="http://www.letraaurea.es/catelecon.php?idElegen=4" target="_blank" rel="noopener">Acto en el hotel Inglaterra</a></p>

<p>A través de los ocho artículos que constituyen Este es mi cuerpo, el autor se apoya en el mito y se sirve asimismo de un lenguaje donde lo simbólico y lo conceptual se confunden. Introduce al lector en el camino hacia lo corpóreo a través de sus diversas manifestaciones y de sus múltiples máscaras: el tacto, la enfermedad, el arte, el erotismo&#8230;</p>
<p>“Es desde el cuerpo que amamos, que pensamos, que soñamos&#8230; es desde el cuerpo, que se hace posible ese complejo laberinto que llamamos mundo”.</p>
