{"id":13821,"date":"2021-03-11T15:15:49","date_gmt":"2021-03-11T14:15:49","guid":{"rendered":"http:\/\/editorialalegoria.com\/web\/producto\/guia-superpractica-para-aprobar-selectividad-filosofia\/"},"modified":"2024-01-23T10:30:10","modified_gmt":"2024-01-23T09:30:10","slug":"guia-superpractica-para-aprobar-selectividad-filosofia","status":"publish","type":"product","link":"https:\/\/editorialalegoria.com\/web\/libro\/guia-superpractica-para-aprobar-selectividad-filosofia\/","title":{"rendered":"Gu\u00eda superpr\u00e1ctica para aprobar Selectividad. Filosof\u00eda"},"content":{"rendered":"<p>Este libro expone todo lo que se ha de saber sobre la Selectividad. Consta de tres partes:<\/p>\n<ol>\n<li>Explicaci\u00f3n detallada de la prueba y consejos acerca de c\u00f3mo afrontarla.<\/li>\n<li>Aplicaci\u00f3n de estos consejos a los 8 autores (por lo que sirve, al mismo tiempo, de repaso y de obtenci\u00f3n de una visi\u00f3n global y sint\u00e9tica del curso).<\/li>\n<li>Por \u00faltimo, incluye 4 ex\u00e1menes (de Plat\u00f3n, Descartes, Nietzsche y Ortega) resueltos de manera clara y sencilla, con explicaciones al margen de cada paso que se va dando.<\/li>\n<\/ol>\n<p>En resumen, un libro imprescindible para estar perfectamente orientado acerca de c\u00f3mo afrontar con \u00e9xito la Selectividad.<\/p>\n","protected":false},"excerpt":{"rendered":"<p>Exigente y clara gu\u00eda para preparar la Selectividad en Andaluc\u00eda. Filosof\u00eda. Todas las respuestas respondidas y orientadas.<\/p>\n","protected":false},"featured_media":13674,"template":"","meta":{"_et_pb_use_builder":"","_et_pb_old_content":"","_et_gb_content_width":""},"product_brand":[],"product_cat":[81,85,167],"product_tag":[],"class_list":{"0":"post-13821","1":"product","2":"type-product","3":"status-publish","4":"has-post-thumbnail","6":"product_cat-libros-de-uso-academico","7":"product_cat-filosofia-y-ciudadania","8":"product_cat-filosofia-segundo-de-bachillerato","10":"first","11":"instock","12":"purchasable","13":"product-type-simple"},"_links":{"self":[{"href":"https:\/\/editorialalegoria.com\/web\/wp-json\/wp\/v2\/product\/13821","targetHints":{"allow":["GET"]}}],"collection":[{"href":"https:\/\/editorialalegoria.com\/web\/wp-json\/wp\/v2\/product"}],"about":[{"href":"https:\/\/editorialalegoria.com\/web\/wp-json\/wp\/v2\/types\/product"}],"wp:featuredmedia":[{"embeddable":true,"href":"https:\/\/editorialalegoria.com\/web\/wp-json\/wp\/v2\/media\/13674"}],"wp:attachment":[{"href":"https:\/\/editorialalegoria.com\/web\/wp-json\/wp\/v2\/media?parent=13821"}],"wp:term":[{"taxonomy":"product_brand","embeddable":true,"href":"https:\/\/editorialalegoria.com\/web\/wp-json\/wp\/v2\/product_brand?post=13821"},{"taxonomy":"product_cat","embeddable":true,"href":"https:\/\/editorialalegoria.com\/web\/wp-json\/wp\/v2\/product_cat?post=13821"},{"taxonomy":"product_tag","embeddable":true,"href":"https:\/\/editorialalegoria.com\/web\/wp-json\/wp\/v2\/product_tag?post=13821"}],"curies":[{"name":"wp","href":"https:\/\/api.w.org\/{rel}","templated":true}]}}