{"id":13826,"date":"2021-03-11T15:15:49","date_gmt":"2021-03-11T14:15:49","guid":{"rendered":"http:\/\/editorialalegoria.com\/web\/producto\/imagenes-e-ideas\/"},"modified":"2024-09-12T15:00:12","modified_gmt":"2024-09-12T13:00:12","slug":"imagenes-e-ideas","status":"publish","type":"product","link":"https:\/\/editorialalegoria.com\/web\/libro\/imagenes-e-ideas\/","title":{"rendered":"Im\u00e1genes e Ideas"},"content":{"rendered":"<p>Esta obra es una introducci\u00f3n a la Filosof\u00eda <em>original<\/em>, tambi\u00e9n en el sentido de \u201cvuelta al origen\u201d: la b\u00fasqueda de la verdad a trav\u00e9s de la pol\u00e9mica con la ret\u00f3rica y la sof\u00edstica, que, en nuestros tiempos han pasado a ser la publicidad y la propaganda. Vivimos inmersos en la sociedad del espect\u00e1culo, caracterizada por el juego de las apariencias y el imperio de la seducci\u00f3n y de la obsolescencia decretada. Este libro invita a partir de esta <em>inmediatez <\/em>para conducir a una toma de conciencia que permita ense\u00f1orearse de la propia vida.<\/p>\n<p>Como dice el autor en su \u201cPr\u00f3logo para educadores\u201d: <em>\u201cel presente libro ha procurado poner en pr\u00e1ctica la conocida recomendaci\u00f3n kantiana: no introduce la Filosof\u00eda -\u00bfqu\u00e9 filosof\u00eda tendr\u00eda que introducir?- sino que pone en obra el pensamiento filos\u00f3fico, lo ejerce como una reflexi\u00f3n racional actual y un ejercicio de aclaraci\u00f3n de los estereotipos, los prejuicios y los conceptos e ideas-fuerza que ordenan y desordenan nuestro mundo actual, dominado por los medios de (in)comunicaci\u00f3n de masas\u201d.<\/em><\/p>\n<p>Esta obra puede utilizarse para la asignatura de 1\u00ba de Bachillerato <em>Filosof\u00eda y ciudadan\u00eda<\/em>, pues desarrolla los contenidos de los bloques tem\u00e1ticos establecidos: saber filos\u00f3fico; ser humano, persona y sociedad; filosof\u00eda moral y pol\u00edtica; democracia y ciudadan\u00eda. De hecho ha sido homologada por la Consejer\u00eda de Educaci\u00f3n y Ciencia de la Junta de Andaluc\u00eda como manual y obra de referencia.<\/p>\n","protected":false},"excerpt":{"rendered":"<p><span data-sheets-value=\"{&quot;1&quot;:2,&quot;2&quot;:&quot;Libro de texto para Filosof\u00eda 1\u00ba de Bachillerato en una interesante combinaci\u00f3n de pensamiento y publicidad&quot;}\" data-sheets-userformat=\"{&quot;2&quot;:15297,&quot;3&quot;:{&quot;1&quot;:0},&quot;9&quot;:0,&quot;10&quot;:0,&quot;11&quot;:4,&quot;12&quot;:0,&quot;14&quot;:[null,2,16711680],&quot;15&quot;:&quot;Arial&quot;,&quot;16&quot;:10}\">Libro de texto para Filosof\u00eda 1\u00ba de Bachillerato en una interesante combinaci\u00f3n de pensamiento y publicidad.<\/span><\/p>\n","protected":false},"featured_media":13678,"template":"","meta":{"_et_pb_use_builder":"","_et_pb_old_content":"","_et_gb_content_width":""},"product_brand":[],"product_cat":[81,85,167],"product_tag":[],"class_list":{"0":"post-13826","1":"product","2":"type-product","3":"status-publish","4":"has-post-thumbnail","6":"product_cat-libros-de-uso-academico","7":"product_cat-filosofia-y-ciudadania","8":"product_cat-filosofia-segundo-de-bachillerato","10":"first","11":"instock","12":"purchasable","13":"product-type-simple"},"_links":{"self":[{"href":"https:\/\/editorialalegoria.com\/web\/wp-json\/wp\/v2\/product\/13826","targetHints":{"allow":["GET"]}}],"collection":[{"href":"https:\/\/editorialalegoria.com\/web\/wp-json\/wp\/v2\/product"}],"about":[{"href":"https:\/\/editorialalegoria.com\/web\/wp-json\/wp\/v2\/types\/product"}],"wp:featuredmedia":[{"embeddable":true,"href":"https:\/\/editorialalegoria.com\/web\/wp-json\/wp\/v2\/media\/13678"}],"wp:attachment":[{"href":"https:\/\/editorialalegoria.com\/web\/wp-json\/wp\/v2\/media?parent=13826"}],"wp:term":[{"taxonomy":"product_brand","embeddable":true,"href":"https:\/\/editorialalegoria.com\/web\/wp-json\/wp\/v2\/product_brand?post=13826"},{"taxonomy":"product_cat","embeddable":true,"href":"https:\/\/editorialalegoria.com\/web\/wp-json\/wp\/v2\/product_cat?post=13826"},{"taxonomy":"product_tag","embeddable":true,"href":"https:\/\/editorialalegoria.com\/web\/wp-json\/wp\/v2\/product_tag?post=13826"}],"curies":[{"name":"wp","href":"https:\/\/api.w.org\/{rel}","templated":true}]}}