{"id":13828,"date":"2021-03-11T15:15:49","date_gmt":"2021-03-11T14:15:49","guid":{"rendered":"http:\/\/editorialalegoria.com\/web\/producto\/la-escuela-nocturna\/"},"modified":"2024-09-04T10:23:36","modified_gmt":"2024-09-04T08:23:36","slug":"la-escuela-nocturna","status":"publish","type":"product","link":"https:\/\/editorialalegoria.com\/web\/libro\/la-escuela-nocturna\/","title":{"rendered":"La escuela nocturna"},"content":{"rendered":"<p>\u00abEl cad\u00e1ver sin cabeza parec\u00eda estar extendiendo un gesto de cortes\u00eda a todo el que cruzara el umbral del sal\u00f3n comedor. Sim\u00f3n Latour, intr\u00e9pido reportero de El avisp\u00f3n Esmeralda, pens\u00f3 que preferir\u00eda seguir en su cama, en lugar de contemplando semejante composici\u00f3n aleg\u00f3rica de bodeg\u00f3n, l\u00e1mpara de techo y hombre decapitado\u00bb.<\/p>\n<p>As\u00ed comienza <em>La Escuela Nocturna<\/em>, una novela de Noel Ceballos ambientada en el Madrid de principios del siglo xx, una \u00e9poca llena de sociedades secretas, incipiente prensa sensacionalista y gacetilleros amantes del peligro, misticismo, cabaret, anarquismo y luchas pol\u00edticas cruentas.<\/p>\n<p>El asesinato de un importante empresario farmac\u00e9utico pone al periodista Sim\u00f3n Latour sobre la pista de una sociedad secreta conocida como los Son\u00e1mbulos que se dedica a sembrar el terror en la capital madrile\u00f1a. Contar\u00e1 con la ayuda de su hermano V\u00edctor, experto en ciencias ocultas con ciertas habilidades extraordinarias, adem\u00e1s de bien conectado con la alta sociedad; y con Mar\u00eda Guide\u00f3n, una actriz de cabeza bien amueblada que se encuentra sin saber c\u00f3mo representando extra\u00f1as obras para ricos enmascarados. Cuando una bomba estalla en el lugar m\u00e1s inoportuno, los tres protagonistas se dan cuenta de que est\u00e1n entrometi\u00e9ndose en fuerzas demasiado poderosas para tres individuos insignificantes como ellos.<\/p>\n<p>A modo de follet\u00edn decimon\u00f3nico, Noel Ceballos nos sumerge en un momento de la historia en la que los poderes f\u00e1cticos detr\u00e1s del poder nominal toman la palabra e inauguran el nuevo siglo con fuegos artificiales, destrucci\u00f3n y locura.<\/p>\n","protected":false},"excerpt":{"rendered":"<p><span data-sheets-value=\"{&quot;1&quot;:2,&quot;2&quot;:&quot;Novela pulp que. modo de follet\u00edn decimon\u00f3nico, nos sumerge en un momento de la historia en la que los poderes f\u00e1cticos detr\u00e1s del poder nominal toman la palabra e inauguran el nuevo siglo con fuegos artificiales, destrucci\u00f3n y locura&quot;}\" data-sheets-userformat=\"{&quot;2&quot;:15297,&quot;3&quot;:{&quot;1&quot;:0},&quot;9&quot;:0,&quot;10&quot;:0,&quot;11&quot;:4,&quot;12&quot;:0,&quot;14&quot;:[null,2,16711680],&quot;15&quot;:&quot;Arial&quot;,&quot;16&quot;:10}\">Novela pulp que, a modo de follet\u00edn decimon\u00f3nico, nos sumerge en un momento de la historia en la que los poderes f\u00e1cticos detr\u00e1s del poder nominal toman la palabra e inauguran el nuevo siglo con fuegos artificiales, destrucci\u00f3n y locura.<\/span><\/p>\n","protected":false},"featured_media":13680,"template":"","meta":{"_et_pb_use_builder":"","_et_pb_old_content":"","_et_gb_content_width":""},"product_brand":[],"product_cat":[82,88,149],"product_tag":[],"class_list":{"0":"post-13828","1":"product","2":"type-product","3":"status-publish","4":"has-post-thumbnail","6":"product_cat-fondo-editorial","7":"product_cat-narrativa","8":"product_cat-novela-pulp","10":"first","11":"instock","12":"purchasable","13":"product-type-simple"},"_links":{"self":[{"href":"https:\/\/editorialalegoria.com\/web\/wp-json\/wp\/v2\/product\/13828","targetHints":{"allow":["GET"]}}],"collection":[{"href":"https:\/\/editorialalegoria.com\/web\/wp-json\/wp\/v2\/product"}],"about":[{"href":"https:\/\/editorialalegoria.com\/web\/wp-json\/wp\/v2\/types\/product"}],"wp:featuredmedia":[{"embeddable":true,"href":"https:\/\/editorialalegoria.com\/web\/wp-json\/wp\/v2\/media\/13680"}],"wp:attachment":[{"href":"https:\/\/editorialalegoria.com\/web\/wp-json\/wp\/v2\/media?parent=13828"}],"wp:term":[{"taxonomy":"product_brand","embeddable":true,"href":"https:\/\/editorialalegoria.com\/web\/wp-json\/wp\/v2\/product_brand?post=13828"},{"taxonomy":"product_cat","embeddable":true,"href":"https:\/\/editorialalegoria.com\/web\/wp-json\/wp\/v2\/product_cat?post=13828"},{"taxonomy":"product_tag","embeddable":true,"href":"https:\/\/editorialalegoria.com\/web\/wp-json\/wp\/v2\/product_tag?post=13828"}],"curies":[{"name":"wp","href":"https:\/\/api.w.org\/{rel}","templated":true}]}}