{"id":13842,"date":"2021-03-11T15:16:00","date_gmt":"2021-03-11T14:16:00","guid":{"rendered":"http:\/\/editorialalegoria.com\/web\/producto\/lenguajes-del-cerebro\/"},"modified":"2024-09-12T15:01:24","modified_gmt":"2024-09-12T13:01:24","slug":"lenguajes-del-cerebro","status":"publish","type":"product","link":"https:\/\/editorialalegoria.com\/web\/libro\/lenguajes-del-cerebro\/","title":{"rendered":"Lenguajes del Cerebro"},"content":{"rendered":"<p>Los avances en el conocimiento del cerebro han generado una profusi\u00f3n de libros divulgativos en los que, con el pretexto de la simplificaci\u00f3n, los descubrimientos sobre la fisiolog\u00eda cerebral se presentan de forma tergiversada. En este sentido, muchos de estos libros no hacen m\u00e1s que acrecentar nuestra ignorancia sobre el funcionamiento del sistema nervioso. En la presenta obra se realiza una aproximaci\u00f3n completamente diferente, en la que se pretende aunar la precisi\u00f3n caracter\u00edstica de una publicaci\u00f3n cient\u00edfica con un lenguaje asequible para todos.<\/p>\n<p>Esta aproximaci\u00f3n, rigurosa y amena a la vez, permite al autor afrontar con \u00e9xito cuestiones tan aparentemente simples como la raz\u00f3n por la cual nuestra cara es capaz de expresar nuestro estado emocional interno, o abordar asuntos tan complejos como el origen evolutivo de los estados mentales, o el prodigioso dise\u00f1o sensorial y motor que nos permite movernos en un espacio de tres dimensiones de forma eficaz y autom\u00e1tica. El libro, sobriamente bello, se presenta desprovisto de ilustraciones que puedan distraer la atenci\u00f3n del lector, pues precisamente a trav\u00e9s del lenguaje escrito es c\u00f3mo mejor podemos aproximarnos a nuestra propia realidad, en este caso desde la perspectiva de nuestro alter ego: el cerebro.<\/p>\n<p><strong>Enlace a cr\u00edticas u otros:<\/strong><\/p>\n<ul>\n<li>Entrevista en <a href=\"http:\/\/www.diariodesevilla.es\/article\/sevilla\/185440\/quotel\/cerebro\/es\/una\/maquinaria\/se\/inventa\/mundo\/gran\/fabuladorquot.html\" target=\"_blank\" rel=\"noopener\">Diario de Sevilla (21-7-2008) con ocasi\u00f3n de la publicaci\u00f3n del libro<\/a><\/li>\n<\/ul>\n","protected":false},"excerpt":{"rendered":"<p>Poemario cargado de una sutil sensibilidad. De manos del cient\u00edfico Jos\u00e9 Mar\u00eda Delgado, este corpus de treinta y seis poemas nos habla del ser humano y su misterio.<\/p>\n","protected":false},"featured_media":13694,"template":"","meta":{"_et_pb_use_builder":"","_et_pb_old_content":"","_et_gb_content_width":""},"product_brand":[],"product_cat":[82,90,145],"product_tag":[],"class_list":{"0":"post-13842","1":"product","2":"type-product","3":"status-publish","4":"has-post-thumbnail","6":"product_cat-fondo-editorial","7":"product_cat-ensayo","8":"product_cat-ensayo-pensamiento","10":"first","11":"instock","12":"purchasable","13":"product-type-simple"},"_links":{"self":[{"href":"https:\/\/editorialalegoria.com\/web\/wp-json\/wp\/v2\/product\/13842","targetHints":{"allow":["GET"]}}],"collection":[{"href":"https:\/\/editorialalegoria.com\/web\/wp-json\/wp\/v2\/product"}],"about":[{"href":"https:\/\/editorialalegoria.com\/web\/wp-json\/wp\/v2\/types\/product"}],"wp:featuredmedia":[{"embeddable":true,"href":"https:\/\/editorialalegoria.com\/web\/wp-json\/wp\/v2\/media\/13694"}],"wp:attachment":[{"href":"https:\/\/editorialalegoria.com\/web\/wp-json\/wp\/v2\/media?parent=13842"}],"wp:term":[{"taxonomy":"product_brand","embeddable":true,"href":"https:\/\/editorialalegoria.com\/web\/wp-json\/wp\/v2\/product_brand?post=13842"},{"taxonomy":"product_cat","embeddable":true,"href":"https:\/\/editorialalegoria.com\/web\/wp-json\/wp\/v2\/product_cat?post=13842"},{"taxonomy":"product_tag","embeddable":true,"href":"https:\/\/editorialalegoria.com\/web\/wp-json\/wp\/v2\/product_tag?post=13842"}],"curies":[{"name":"wp","href":"https:\/\/api.w.org\/{rel}","templated":true}]}}

<p>Los avances en el conocimiento del cerebro han generado una profusión de libros divulgativos en los que, con el pretexto de la simplificación, los descubrimientos sobre la fisiología cerebral se presentan de forma tergiversada. En este sentido, muchos de estos libros no hacen más que acrecentar nuestra ignorancia sobre el funcionamiento del sistema nervioso. En la presenta obra se realiza una aproximación completamente diferente, en la que se pretende aunar la precisión característica de una publicación científica con un lenguaje asequible para todos.</p>
<p>Esta aproximación, rigurosa y amena a la vez, permite al autor afrontar con éxito cuestiones tan aparentemente simples como la razón por la cual nuestra cara es capaz de expresar nuestro estado emocional interno, o abordar asuntos tan complejos como el origen evolutivo de los estados mentales, o el prodigioso diseño sensorial y motor que nos permite movernos en un espacio de tres dimensiones de forma eficaz y automática. El libro, sobriamente bello, se presenta desprovisto de ilustraciones que puedan distraer la atención del lector, pues precisamente a través del lenguaje escrito es cómo mejor podemos aproximarnos a nuestra propia realidad, en este caso desde la perspectiva de nuestro alter ego: el cerebro.</p>
<p><strong>Enlace a críticas u otros:</strong></p>
<ul>
<li>Entrevista en <a href="http://www.diariodesevilla.es/article/sevilla/185440/quotel/cerebro/es/una/maquinaria/se/inventa/mundo/gran/fabuladorquot.html" target="_blank" rel="noopener">Diario de Sevilla (21-7-2008) con ocasión de la publicación del libro</a></li>
</ul>

<p>Poemario cargado de una sutil sensibilidad. De manos del científico José María Delgado, este corpus de treinta y seis poemas nos habla del ser humano y su misterio.</p>
