{"id":13846,"date":"2021-03-11T15:16:00","date_gmt":"2021-03-11T14:16:00","guid":{"rendered":"http:\/\/editorialalegoria.com\/web\/producto\/los-poetas-del-27-y-el-grupo-cantico-de-cordoba-correspondencia-entre-vicente-aleixandre-y-ricardo-molina-libro-uno\/"},"modified":"2023-08-29T10:42:28","modified_gmt":"2023-08-29T08:42:28","slug":"los-poetas-del-27-y-el-grupo-cantico-de-cordoba-correspondencia-entre-vicente-aleixandre-y-ricardo-molina-libro-uno","status":"publish","type":"product","link":"https:\/\/editorialalegoria.com\/web\/libro\/los-poetas-del-27-y-el-grupo-cantico-de-cordoba-correspondencia-entre-vicente-aleixandre-y-ricardo-molina-libro-uno\/","title":{"rendered":"Los Poetas del 27 y el grupo C\u00e1ntico de C\u00f3rdoba. Correspondencia entre Vicente Aleixandre y Ricardo Molina (Libro uno)"},"content":{"rendered":"<p>Esta obra, en sus dos vol\u00famenes, aporta una extraordinaria documentaci\u00f3n in\u00e9dita para apreciar el magisterio de los escritores del 27 y profundizar en esa maravillosa aventura intelectual que fue la revista <em>C\u00e1ntico <\/em>en la Espa\u00f1a de los a\u00f1os cuarenta y cincuenta. Resulta admirable c\u00f3mo la autora, Olga Rend\u00f3n, ha sabido extraer lo esencial de notas de prensa, diarios, testimonios, entrevistas, fotograf\u00edas, manuscritos, poemas sin publicar, dibujos, cartas y otros documentos olvidados o desconocidos. Con este abundante material, ha trazado un cuadro deslumbrante de las relaciones personales y creativas entre unos y otros.<\/p>\n<p>En el Libro Uno se recogen las cartas cruzadas del poeta con Vicente Aleixandre. En el Libro Dos se han recopilado las cartas intercambiadas entre Ricardo Molina y poetas del 27 tan prestigiosos como Luis Cernuda, Jorge Guill\u00e9n, Gerardo Diego y D\u00e1maso Alonso.<\/p>\n<p>Conviene resaltar como m\u00e9rito inestimable la recuperaci\u00f3n de muchas cartas personales, insert\u00e1ndose as\u00ed en la l\u00ednea fecunda de investigar una \u00e9poca y unos autores a partir de sus epistolarios. Y, para tal fin, se toma como pivote la figura se\u00f1era de Ricardo Molina, el poeta y codirector de <em>C\u00e1ntico<\/em>, cuyo rico epistolario se da a conocer por primera vez en estas p\u00e1ginas con una transcripci\u00f3n rigurosa y una anotaci\u00f3n exhaustiva.<\/p>\n<p>En este primer volumen, la autora rememora la trayectoria inicial del grupo <em>C\u00e1ntico<\/em> y su ambici\u00f3n por crear una poes\u00eda al margen de modas y corrientes; reconstruye los afanes literarios e investigadores de Ricardo Molina, indaga en las conexiones entre los autores del 27 y la revista, aporta la correspondencia entre Molina y Vicente Aleixandre y remata con un acopio de documentos gr\u00e1ficos. No extra\u00f1a, en consecuencia, la celebraci\u00f3n que Vicente Molina Foix hace de estos dos vol\u00famenes en su sugestivo pr\u00f3logo.<\/p>\n","protected":false},"excerpt":{"rendered":"<p><span data-sheets-value=\"{&quot;1&quot;:2,&quot;2&quot;:&quot;Cartas cruzadas entre miembros del grupo C\u00e1ntico de C\u00f3rdoba y poetas del 27. Dos vol\u00famenes&quot;}\" data-sheets-userformat=\"{&quot;2&quot;:15297,&quot;3&quot;:{&quot;1&quot;:0},&quot;9&quot;:0,&quot;10&quot;:0,&quot;11&quot;:4,&quot;12&quot;:0,&quot;14&quot;:[null,2,16711680],&quot;15&quot;:&quot;Arial&quot;,&quot;16&quot;:10}\">Cartas cruzadas entre miembros del grupo C\u00e1ntico de C\u00f3rdoba y poetas del 27. Dos vol\u00famenes.<\/span><\/p>\n","protected":false},"featured_media":13616,"template":"","meta":{"_et_pb_use_builder":"","_et_pb_old_content":"","_et_gb_content_width":""},"product_brand":[],"product_cat":[82,91],"product_tag":[],"class_list":{"0":"post-13846","1":"product","2":"type-product","3":"status-publish","4":"has-post-thumbnail","6":"product_cat-fondo-editorial","7":"product_cat-epistolarios","9":"first","10":"instock","11":"purchasable","12":"product-type-simple"},"_links":{"self":[{"href":"https:\/\/editorialalegoria.com\/web\/wp-json\/wp\/v2\/product\/13846","targetHints":{"allow":["GET"]}}],"collection":[{"href":"https:\/\/editorialalegoria.com\/web\/wp-json\/wp\/v2\/product"}],"about":[{"href":"https:\/\/editorialalegoria.com\/web\/wp-json\/wp\/v2\/types\/product"}],"wp:featuredmedia":[{"embeddable":true,"href":"https:\/\/editorialalegoria.com\/web\/wp-json\/wp\/v2\/media\/13616"}],"wp:attachment":[{"href":"https:\/\/editorialalegoria.com\/web\/wp-json\/wp\/v2\/media?parent=13846"}],"wp:term":[{"taxonomy":"product_brand","embeddable":true,"href":"https:\/\/editorialalegoria.com\/web\/wp-json\/wp\/v2\/product_brand?post=13846"},{"taxonomy":"product_cat","embeddable":true,"href":"https:\/\/editorialalegoria.com\/web\/wp-json\/wp\/v2\/product_cat?post=13846"},{"taxonomy":"product_tag","embeddable":true,"href":"https:\/\/editorialalegoria.com\/web\/wp-json\/wp\/v2\/product_tag?post=13846"}],"curies":[{"name":"wp","href":"https:\/\/api.w.org\/{rel}","templated":true}]}}

Los Poetas del 27 y el grupo Cántico de Córdoba. Correspondencia entre Vicente Aleixandre y Ricardo Molina (Libro uno)

<p>Esta obra, en sus dos volúmenes, aporta una extraordinaria documentación inédita para apreciar el magisterio de los escritores del 27 y profundizar en esa maravillosa aventura intelectual que fue la revista <em>Cántico </em>en la España de los años cuarenta y cincuenta. Resulta admirable cómo la autora, Olga Rendón, ha sabido extraer lo esencial de notas de prensa, diarios, testimonios, entrevistas, fotografías, manuscritos, poemas sin publicar, dibujos, cartas y otros documentos olvidados o desconocidos. Con este abundante material, ha trazado un cuadro deslumbrante de las relaciones personales y creativas entre unos y otros.</p>
<p>En el Libro Uno se recogen las cartas cruzadas del poeta con Vicente Aleixandre. En el Libro Dos se han recopilado las cartas intercambiadas entre Ricardo Molina y poetas del 27 tan prestigiosos como Luis Cernuda, Jorge Guillén, Gerardo Diego y Dámaso Alonso.</p>
<p>Conviene resaltar como mérito inestimable la recuperación de muchas cartas personales, insertándose así en la línea fecunda de investigar una época y unos autores a partir de sus epistolarios. Y, para tal fin, se toma como pivote la figura señera de Ricardo Molina, el poeta y codirector de <em>Cántico</em>, cuyo rico epistolario se da a conocer por primera vez en estas páginas con una transcripción rigurosa y una anotación exhaustiva.</p>
<p>En este primer volumen, la autora rememora la trayectoria inicial del grupo <em>Cántico</em> y su ambición por crear una poesía al margen de modas y corrientes; reconstruye los afanes literarios e investigadores de Ricardo Molina, indaga en las conexiones entre los autores del 27 y la revista, aporta la correspondencia entre Molina y Vicente Aleixandre y remata con un acopio de documentos gráficos. No extraña, en consecuencia, la celebración que Vicente Molina Foix hace de estos dos volúmenes en su sugestivo prólogo.</p>

<p><span data-sheets-value="{&quot;1&quot;:2,&quot;2&quot;:&quot;Cartas cruzadas entre miembros del grupo Cántico de Córdoba y poetas del 27. Dos volúmenes&quot;}" data-sheets-userformat="{&quot;2&quot;:15297,&quot;3&quot;:{&quot;1&quot;:0},&quot;9&quot;:0,&quot;10&quot;:0,&quot;11&quot;:4,&quot;12&quot;:0,&quot;14&quot;:[null,2,16711680],&quot;15&quot;:&quot;Arial&quot;,&quot;16&quot;:10}">Cartas cruzadas entre miembros del grupo Cántico de Córdoba y poetas del 27. Dos volúmenes.</span></p>
