{"id":13851,"date":"2021-03-11T15:16:00","date_gmt":"2021-03-11T14:16:00","guid":{"rendered":"http:\/\/editorialalegoria.com\/web\/producto\/nigromancia-en-el-reformatorio-femenino\/"},"modified":"2024-09-12T15:01:25","modified_gmt":"2024-09-12T13:01:25","slug":"nigromancia-en-el-reformatorio-femenino","status":"publish","type":"product","link":"https:\/\/editorialalegoria.com\/web\/libro\/nigromancia-en-el-reformatorio-femenino\/","title":{"rendered":"Nigromancia en el reformatorio femenino"},"content":{"rendered":"<p>Dirigido con mano f\u00e9rrea por la siniestra se\u00f1ora Cavanaugh, el Reformatorio Femenino Lombroso, antiguo manicomio del Estado de Texas, acoge a j\u00f3venes problem\u00e1ticas menores de edad con cuentas pendientes con la ley y la sociedad. All\u00ed cumple condena por asesinato Sandra, una joven dura y de pocas palabras que trata de sobrevivir a la dictadura del terror instaurada por otra interna, Beth, y su grupo de descerebradas secuaces. Sandra encuentra un apoyo fundamental Kim, una joven ratera reci\u00e9n llegada que se convertir\u00e1 en su compa\u00f1era inseparable.<\/p>\n<p>Mientras tanto, en el Lombroso, empiezan a desaparecer internas misteriosamente y sin dejar rastro. La ya de por s\u00ed inquietante atm\u00f3sfera del reformatorio se va volviendo m\u00e1s opresiva y pronto Sandra y Kim descubrir\u00e1n que las chicas desaparecidas forman parte de un oscuro ceremonial destinado a adorar a un monstruoso dios antiguo surgido de las entra\u00f1as de la tierra.<\/p>\n<p>Encerradas entre los muros de una prisi\u00f3n vigilada desde cualquier punto, las dos chicas intentar\u00e1n llegar hasta el fondo del misterio de las desapariciones y descubrir qu\u00e9 se oculta bajo las aterradoras catacumbas del viejo manicomio.<\/p>\n","protected":false},"excerpt":{"rendered":"<p>Novela Pulp sobre sangrantes personajes y un reformatorio terrible. Pertenece a la colecci\u00f3n Memento Mori<\/p>\n","protected":false},"featured_media":13621,"template":"","meta":{"_et_pb_use_builder":"","_et_pb_old_content":"","_et_gb_content_width":""},"product_brand":[],"product_cat":[82,88,149],"product_tag":[],"class_list":{"0":"post-13851","1":"product","2":"type-product","3":"status-publish","4":"has-post-thumbnail","6":"product_cat-fondo-editorial","7":"product_cat-narrativa","8":"product_cat-novela-pulp","10":"first","11":"instock","12":"purchasable","13":"product-type-simple"},"_links":{"self":[{"href":"https:\/\/editorialalegoria.com\/web\/wp-json\/wp\/v2\/product\/13851","targetHints":{"allow":["GET"]}}],"collection":[{"href":"https:\/\/editorialalegoria.com\/web\/wp-json\/wp\/v2\/product"}],"about":[{"href":"https:\/\/editorialalegoria.com\/web\/wp-json\/wp\/v2\/types\/product"}],"wp:featuredmedia":[{"embeddable":true,"href":"https:\/\/editorialalegoria.com\/web\/wp-json\/wp\/v2\/media\/13621"}],"wp:attachment":[{"href":"https:\/\/editorialalegoria.com\/web\/wp-json\/wp\/v2\/media?parent=13851"}],"wp:term":[{"taxonomy":"product_brand","embeddable":true,"href":"https:\/\/editorialalegoria.com\/web\/wp-json\/wp\/v2\/product_brand?post=13851"},{"taxonomy":"product_cat","embeddable":true,"href":"https:\/\/editorialalegoria.com\/web\/wp-json\/wp\/v2\/product_cat?post=13851"},{"taxonomy":"product_tag","embeddable":true,"href":"https:\/\/editorialalegoria.com\/web\/wp-json\/wp\/v2\/product_tag?post=13851"}],"curies":[{"name":"wp","href":"https:\/\/api.w.org\/{rel}","templated":true}]}}