{"id":13867,"date":"2021-03-11T15:16:20","date_gmt":"2021-03-11T14:16:20","guid":{"rendered":"http:\/\/editorialalegoria.com\/web\/producto\/una-escuela-de-beneficencia\/"},"modified":"2024-09-12T14:41:59","modified_gmt":"2024-09-12T12:41:59","slug":"una-escuela-de-beneficencia","status":"publish","type":"product","link":"https:\/\/editorialalegoria.com\/web\/libro\/una-escuela-de-beneficencia\/","title":{"rendered":"Una escuela de beneficencia"},"content":{"rendered":"<p>Cuando a partir de 1982 la Junta de Andaluc\u00eda fue asumiendo paulatinamente las competencias educativas, una ola de optimistas expectativas sacudi\u00f3 a una gran parte de la ciudadan\u00eda andaluza, y singularmente al profesorado. Se pusieron en marcha una serie de experiencias innovadoras en las aulas, en muchos casos est\u00e9riles y en otros perversas. Fruto de las realizadas en toda Espa\u00f1a result\u00f3 ser la pol\u00edtica educativa socialista llevada a cabo a trav\u00e9s de la LODE y la LOGSE. Desde ese momento, el autor de este libro, pr\u00e1cticamente en solitario, denunci\u00f3 en sucesivos art\u00edculos publicados a lo largo de veinte a\u00f1os en las ediciones andaluzas de Diario 16 y El Mundo las graves deficiencias que acechaban a la educaci\u00f3n en general y singularmente en la ense\u00f1anza p\u00fablica. En uno de esos textos esta \u00faltima fue calificada de \u00abescuela de beneficencia\u00bb, es decir, de mera asistencia social carente de funciones culturales y sociales de largo alcance.<\/p>\n<p>Tal descalificaci\u00f3n se justifica por la persistencia de tres graves dolencias cr\u00f3nicas en el sistema educativo andaluz: la endeblez de los conocimientos cient\u00edficos y human\u00edsticos con que los alumnos finalizaban los estudios secundarios, el progresivo deterioro de la convivencia en los centros educativos y la desmotivaci\u00f3n del profesorado Ello ha deparado dos consecuencias de incalculable trascendencia social: el desprestigio de la escuela p\u00fablica entre la ciudadan\u00eda y las dificultades de los sectores sociales m\u00e1s humildes para acceder a una formaci\u00f3n cualificada para su desarrollo profesional, limitada a quienes pueden sufragarla, sobre todo en los estudios de posgrado, en centros privados.<\/p>\n<p>Hoy, cuando ya nadie pone en duda el fracaso de la educaci\u00f3n en Andaluc\u00eda y en Espa\u00f1a, su freno al desarrollo econ\u00f3mico y social y la necesidad de su profunda modificaci\u00f3n, las reflexiones que se recogen en esta obra, debidamente contextualizadas, no s\u00f3lo evidencian la lucidez de su an\u00e1lisis, sino que constituyen tambi\u00e9n un precoz vaticinio con cuatro lustros de anticipaci\u00f3n de una cat\u00e1strofe anunciada.<\/p>\n","protected":false},"excerpt":{"rendered":"<p>Ensayo sobre el sistema educativo en Andaluc\u00eda y su profundo deterioro.<\/p>\n","protected":false},"featured_media":13637,"template":"","meta":{"_et_pb_use_builder":"","_et_pb_old_content":"","_et_gb_content_width":""},"product_brand":[],"product_cat":[82,90,147],"product_tag":[],"class_list":{"0":"post-13867","1":"product","2":"type-product","3":"status-publish","4":"has-post-thumbnail","6":"product_cat-fondo-editorial","7":"product_cat-ensayo","8":"product_cat-ensayo-educacion","9":"product_shipping_class-standard-shipping","11":"first","12":"instock","13":"purchasable","14":"product-type-simple"},"_links":{"self":[{"href":"https:\/\/editorialalegoria.com\/web\/wp-json\/wp\/v2\/product\/13867","targetHints":{"allow":["GET"]}}],"collection":[{"href":"https:\/\/editorialalegoria.com\/web\/wp-json\/wp\/v2\/product"}],"about":[{"href":"https:\/\/editorialalegoria.com\/web\/wp-json\/wp\/v2\/types\/product"}],"wp:featuredmedia":[{"embeddable":true,"href":"https:\/\/editorialalegoria.com\/web\/wp-json\/wp\/v2\/media\/13637"}],"wp:attachment":[{"href":"https:\/\/editorialalegoria.com\/web\/wp-json\/wp\/v2\/media?parent=13867"}],"wp:term":[{"taxonomy":"product_brand","embeddable":true,"href":"https:\/\/editorialalegoria.com\/web\/wp-json\/wp\/v2\/product_brand?post=13867"},{"taxonomy":"product_cat","embeddable":true,"href":"https:\/\/editorialalegoria.com\/web\/wp-json\/wp\/v2\/product_cat?post=13867"},{"taxonomy":"product_tag","embeddable":true,"href":"https:\/\/editorialalegoria.com\/web\/wp-json\/wp\/v2\/product_tag?post=13867"}],"curies":[{"name":"wp","href":"https:\/\/api.w.org\/{rel}","templated":true}]}}