{"id":221898,"date":"2022-02-10T12:35:14","date_gmt":"2022-02-10T11:35:14","guid":{"rendered":"https:\/\/editorialalegoria.com\/web\/?post_type=product&#038;p=221898"},"modified":"2024-09-12T14:56:41","modified_gmt":"2024-09-12T12:56:41","slug":"oratoria-y-debate-1-iniciacion","status":"publish","type":"product","link":"https:\/\/editorialalegoria.com\/web\/libro\/oratoria-y-debate-1-iniciacion\/","title":{"rendered":"Oratoria y Debate 1. Nivel iniciaci\u00f3n"},"content":{"rendered":"<h3><strong>\u00bfDe qu\u00e9 tipo de libro hablamos?<\/strong><\/h3>\n<p><strong><em>Oratoria y Debate 1. Nivel iniciaci\u00f3n<\/em> <\/strong>es un libro fruto de la combinaci\u00f3n de la experiencia en el aula de cuatro profesores y la creatividad para la elaboraci\u00f3n de un material atractivo y exigente que d\u00e9 respuesta a una nueva necesidad: la ense\u00f1anza de la oratoria y el debate como herramientas indispensable en el desarrollo curricular de nuestro alumnado.<\/p>\n<p>Su punto de partida es la <strong>pr\u00e1ctica<\/strong>, bien acompa\u00f1ada de toda la <strong>teor\u00eda<\/strong> que el profesor necesitar\u00e1 manejar en el aula para ense\u00f1ar correctamente a sus alumnos. Aprender haciendo, como propon\u00eda Dewey, sin dejar de lado la formaci\u00f3n te\u00f3rica necesaria para promover la autonom\u00eda de los estudiantes. La pr\u00e1ctica es el entramado a partir del cual tejer una red de conocimiento.<\/p>\n<p>Este libro, tanto en su versi\u00f3n <strong>f\u00edsica<\/strong> como en su formato <strong>digital<\/strong>, es una red en la que los diferentes bloques tem\u00e1ticos interaccionan con el fin de proporcionar una visi\u00f3n integral del discurso persuasivo como eje vertebrador de la materia.<\/p>\n<h3><strong>Organizaci\u00f3n del libro<\/strong><\/h3>\n<p>Cada trimestre consta de <strong>dos unidades did\u00e1cticas<\/strong> divididas, a su vez, en dos bloques:<strong> El discurso persuasivo escrito<\/strong> y <strong>El discurso persuasivo oral<\/strong>.<\/p>\n<p>En las unidades se desarrollan los bloques recogidos en la ley, con abundante material audiovisual, textos, v\u00eddeos y actividades numerosas, unas ya resueltas y otras para ser resueltas por los alumnos. El objetivo es desarrollar la comprensi\u00f3n lectora, la expresi\u00f3n oral y escrita, y estimular el esp\u00edritu cr\u00edtico.<\/p>\n<p>Tras las 6 unidades presentamos un bloque dedicado \u00edntegramente al estudio y pr\u00e1ctica del <strong>Debate acad\u00e9mico<\/strong>, todo un corpus de herramientas \u00fatiles para profundizar en la capacidad de expresi\u00f3n verbal del alumno y el proceso intelectual de construir argumentaciones l\u00f3gicas (y tambi\u00e9n de enfrentarse con solvencia a la situaci\u00f3n real de debatir con adversarios).<\/p>\n<p>El proyecto se ofrece con una completa gu\u00eda did\u00e1ctica en la que <strong>el profesor encontrar\u00e1 el solucionario de todas las actividades, la programaci\u00f3n did\u00e1ctica y el corpus legal necesario para enfocar la evaluaci\u00f3n<\/strong>.<\/p>\n<h3><strong>C\u00f3mo es el proyecto completo<\/strong><\/h3>\n<p><em>Oratoria y Debate<\/em> es un proyecto de Editorial Alegor\u00eda que se compondr\u00e1 de tres niveles en total:<\/p>\n<ul>\n<li><strong><em>Oratoria y Debate 1. Nivel iniciaci\u00f3n<\/em><\/strong>: indicado para el primer ciclo de la ESO. Se introduce al alumno en la materia.<\/li>\n<li><strong><em>Oratoria y Debate 2. Nivel medio<\/em><\/strong>: indicado para el segundo ciclo de la ESO. Dados los conocimientos previos, se profundiza en los contenidos y se a\u00f1aden otros nuevos.<\/li>\n<li><strong><em>Oratoria y Debate 3. Nivel avanzado<\/em><\/strong>: indicado para Bachillerato. El alumno ya podr\u00e1 participar activamente en el debate y exponer, como orador avanzado, sus persuasivos argumentos.<\/li>\n<\/ul>\n","protected":false},"excerpt":{"rendered":"<p><strong>* Libro a la venta en librer\u00edas y en la web de Alegor\u00eda.<\/strong><\/p>\n<p>Material acad\u00e9mico que forma parte de un proyecto orientado a formar buenos oradores y participantes activos en el debate acad\u00e9mico.<\/p>\n","protected":false},"featured_media":221917,"template":"","meta":{"_et_pb_use_builder":"","_et_pb_old_content":"<h3><strong>\u00bfDe qu\u00e9 tipo de libro hablamos?<\/strong><\/h3>\r\n<strong><em>Oratoria y Debate 1. Nivel iniciaci\u00f3n<\/em> <\/strong>es un libro fruto de la combinaci\u00f3n de la experiencia en el aula de cuatro profesores y la creatividad para la elaboraci\u00f3n de un material atractivo y exigente que d\u00e9 respuesta a una nueva necesidad: la ense\u00f1anza de la oratoria y el debate como herramientas indispensable en el desarrollo curricular de nuestro alumnado.\r\n\r\nSu punto de partida es la <strong>pr\u00e1ctica<\/strong>, bien acompa\u00f1ada de toda la <strong>teor\u00eda<\/strong> que el profesor necesitar\u00e1 manejar en el aula para ense\u00f1ar correctamente a sus alumnos. Aprender haciendo, como propon\u00eda Dewey, sin dejar de lado la formaci\u00f3n te\u00f3rica necesaria para promover la autonom\u00eda de los estudiantes. La pr\u00e1ctica es el entramado a partir del cual tejer una red de conocimiento.\r\n\r\nEste libro, tanto en su versi\u00f3n <strong>f\u00edsica<\/strong> como en su formato <strong>digital<\/strong>, es una red en la que los diferentes bloques tem\u00e1ticos interaccionan con el fin de proporcionar una visi\u00f3n integral del discurso persuasivo como eje vertebrador de la materia.\r\n<h3><strong>Organizaci\u00f3n del libro<\/strong><\/h3>\r\nCada trimestre consta de <strong>dos unidades did\u00e1cticas<\/strong> divididas, a su vez, en dos bloques:<strong> El discurso persuasivo escrito<\/strong> y <strong>El discurso persuasivo oral<\/strong>.\r\n\r\nEn las unidades se desarrollan los bloques recogidos en la ley, con abundante material audiovisual, textos, v\u00eddeos y actividades numerosas, unas ya resueltas y otras para ser resueltas por los alumnos. El objetivo es desarrollar la comprensi\u00f3n lectora, la expresi\u00f3n oral y escrita, y estimular el esp\u00edritu cr\u00edtico.\r\n\r\nTras las 6 unidades presentamos un bloque dedicado \u00edntegramente al estudio y pr\u00e1ctica del <strong>Debate acad\u00e9mico<\/strong>, todo un corpus de herramientas \u00fatiles para profundizar en la capacidad de expresi\u00f3n verbal del alumno y el proceso intelectual de construir argumentaciones l\u00f3gicas (y tambi\u00e9n de enfrentarse con solvencia a la situaci\u00f3n real de debatir con adversarios).\r\n\r\nEl proyecto se ofrece con una completa gu\u00eda did\u00e1ctica en la que <strong>el profesor encontrar\u00e1 el solucionario de todas las actividades, la programaci\u00f3n did\u00e1ctica y el corpus legal necesario para enfocar la evaluaci\u00f3n<\/strong>.\r\n<h3><strong>C\u00f3mo es el proyecto completo<\/strong><\/h3>\r\n<em>Oratoria y Debate<\/em> es un proyecto de Editorial Alegor\u00eda que se compondr\u00e1 de tres niveles en total:\r\n<ul>\r\n \t<li><strong><em>Oratoria y Debate 1. Nivel iniciaci\u00f3n<\/em><\/strong>: indicado para el primer ciclo de la ESO. Se introduce al alumno en la materia.<\/li>\r\n \t<li><strong><em>Oratoria y Debate 2. Nivel medio<\/em><\/strong>: indicado para el segundo ciclo de la ESO. Dados los conocimientos previos, se profundiza en los contenidos y se a\u00f1aden otros nuevos.<\/li>\r\n \t<li><strong><em>Oratoria y Debate 3. Nivel avanzado<\/em><\/strong>: indicado para Bachillerato. El alumno ya podr\u00e1 participar activamente en el debate y exponer, como orador avanzado, sus persuasivos argumentos.<\/li>\r\n<\/ul>","_et_gb_content_width":""},"product_brand":[],"product_cat":[81,175],"product_tag":[],"class_list":{"0":"post-221898","1":"product","2":"type-product","3":"status-publish","4":"has-post-thumbnail","6":"product_cat-libros-de-uso-academico","7":"product_cat-oratoria-y-debate","8":"product_shipping_class-standard-shipping","10":"first","11":"instock","12":"purchasable","13":"product-type-simple"},"_links":{"self":[{"href":"https:\/\/editorialalegoria.com\/web\/wp-json\/wp\/v2\/product\/221898","targetHints":{"allow":["GET"]}}],"collection":[{"href":"https:\/\/editorialalegoria.com\/web\/wp-json\/wp\/v2\/product"}],"about":[{"href":"https:\/\/editorialalegoria.com\/web\/wp-json\/wp\/v2\/types\/product"}],"wp:featuredmedia":[{"embeddable":true,"href":"https:\/\/editorialalegoria.com\/web\/wp-json\/wp\/v2\/media\/221917"}],"wp:attachment":[{"href":"https:\/\/editorialalegoria.com\/web\/wp-json\/wp\/v2\/media?parent=221898"}],"wp:term":[{"taxonomy":"product_brand","embeddable":true,"href":"https:\/\/editorialalegoria.com\/web\/wp-json\/wp\/v2\/product_brand?post=221898"},{"taxonomy":"product_cat","embeddable":true,"href":"https:\/\/editorialalegoria.com\/web\/wp-json\/wp\/v2\/product_cat?post=221898"},{"taxonomy":"product_tag","embeddable":true,"href":"https:\/\/editorialalegoria.com\/web\/wp-json\/wp\/v2\/product_tag?post=221898"}],"curies":[{"name":"wp","href":"https:\/\/api.w.org\/{rel}","templated":true}]}}