{"id":222284,"date":"2022-11-23T10:56:03","date_gmt":"2022-11-23T09:56:03","guid":{"rendered":"https:\/\/editorialalegoria.com\/web\/?post_type=product&#038;p=222284"},"modified":"2024-09-12T14:56:41","modified_gmt":"2024-09-12T12:56:41","slug":"en-alguna-otra-vida","status":"publish","type":"product","link":"https:\/\/editorialalegoria.com\/web\/libro\/en-alguna-otra-vida\/","title":{"rendered":"En alguna otra vida"},"content":{"rendered":"<p>En esta obra reunida se encuentra la trayectoria po\u00e9tica de David J. Calzado, llena de nostalgia y luz, despedidas y amaneceres, con una voz cultivada y viva.<\/p>\n<p>Los nuevos versos de <em>Los espinos<\/em> son s\u00edntesis de una preocupaci\u00f3n por el paso y el peso del tiempo en la existencia ordinaria, motivo recurrente en la po\u00e9tica del autor. La infancia y la juventud abolidas o el amor redentor son tratados desde la hibridaci\u00f3n de lo cl\u00e1sico y lo pop, ofreciendo la obra una atalaya para contemplar quienes llegamos a ser.<\/p>\n<p>El libro in\u00e9dito se publica junto a los tres anteriores en esta poes\u00eda reunida que lleva por t\u00edtulo <em>En alguna otra vida<\/em> (Alegor\u00eda, 2022).<\/p>\n","protected":false},"excerpt":{"rendered":"<p><span data-sheets-value=\"{&quot;1&quot;:2,&quot;2&quot;:&quot;Desgarrador poemario que introduce al lector en las apasionates garras del amor y el dolor&quot;}\" data-sheets-userformat=\"{&quot;2&quot;:15297,&quot;3&quot;:{&quot;1&quot;:0},&quot;9&quot;:0,&quot;10&quot;:0,&quot;11&quot;:4,&quot;12&quot;:0,&quot;14&quot;:[null,2,16711680],&quot;15&quot;:&quot;Arial&quot;,&quot;16&quot;:10}\">Obra completa de David J. Calzado que re\u00fane sus libros publicados hasta ahora y otro in\u00e9dito,<em> Los espinos<\/em>.<\/span><\/p>\n","protected":false},"featured_media":222285,"template":"","meta":{"_et_pb_use_builder":"","_et_pb_old_content":"","_et_gb_content_width":""},"product_brand":[],"product_cat":[82,89],"product_tag":[],"class_list":{"0":"post-222284","1":"product","2":"type-product","3":"status-publish","4":"has-post-thumbnail","6":"product_cat-fondo-editorial","7":"product_cat-lirica","8":"product_shipping_class-standard-shipping","10":"first","11":"instock","12":"purchasable","13":"product-type-simple"},"_links":{"self":[{"href":"https:\/\/editorialalegoria.com\/web\/wp-json\/wp\/v2\/product\/222284","targetHints":{"allow":["GET"]}}],"collection":[{"href":"https:\/\/editorialalegoria.com\/web\/wp-json\/wp\/v2\/product"}],"about":[{"href":"https:\/\/editorialalegoria.com\/web\/wp-json\/wp\/v2\/types\/product"}],"wp:featuredmedia":[{"embeddable":true,"href":"https:\/\/editorialalegoria.com\/web\/wp-json\/wp\/v2\/media\/222285"}],"wp:attachment":[{"href":"https:\/\/editorialalegoria.com\/web\/wp-json\/wp\/v2\/media?parent=222284"}],"wp:term":[{"taxonomy":"product_brand","embeddable":true,"href":"https:\/\/editorialalegoria.com\/web\/wp-json\/wp\/v2\/product_brand?post=222284"},{"taxonomy":"product_cat","embeddable":true,"href":"https:\/\/editorialalegoria.com\/web\/wp-json\/wp\/v2\/product_cat?post=222284"},{"taxonomy":"product_tag","embeddable":true,"href":"https:\/\/editorialalegoria.com\/web\/wp-json\/wp\/v2\/product_tag?post=222284"}],"curies":[{"name":"wp","href":"https:\/\/api.w.org\/{rel}","templated":true}]}}

<p>En esta obra reunida se encuentra la trayectoria poética de David J. Calzado, llena de nostalgia y luz, despedidas y amaneceres, con una voz cultivada y viva.</p>
<p>Los nuevos versos de <em>Los espinos</em> son síntesis de una preocupación por el paso y el peso del tiempo en la existencia ordinaria, motivo recurrente en la poética del autor. La infancia y la juventud abolidas o el amor redentor son tratados desde la hibridación de lo clásico y lo pop, ofreciendo la obra una atalaya para contemplar quienes llegamos a ser.</p>
<p>El libro inédito se publica junto a los tres anteriores en esta poesía reunida que lleva por título <em>En alguna otra vida</em> (Alegoría, 2022).</p>

<p><span data-sheets-value="{&quot;1&quot;:2,&quot;2&quot;:&quot;Desgarrador poemario que introduce al lector en las apasionates garras del amor y el dolor&quot;}" data-sheets-userformat="{&quot;2&quot;:15297,&quot;3&quot;:{&quot;1&quot;:0},&quot;9&quot;:0,&quot;10&quot;:0,&quot;11&quot;:4,&quot;12&quot;:0,&quot;14&quot;:[null,2,16711680],&quot;15&quot;:&quot;Arial&quot;,&quot;16&quot;:10}">Obra completa de David J. Calzado que reúne sus libros publicados hasta ahora y otro inédito,<em> Los espinos</em>.</span></p>
