{"id":223478,"date":"2024-11-03T13:12:13","date_gmt":"2024-11-03T12:12:13","guid":{"rendered":"https:\/\/editorialalegoria.com\/web\/?post_type=product&#038;p=223478"},"modified":"2025-05-13T13:45:04","modified_gmt":"2025-05-13T11:45:04","slug":"la-tribu-canibal-violencia-nacionalismo","status":"publish","type":"product","link":"https:\/\/editorialalegoria.com\/web\/libro\/la-tribu-canibal-violencia-nacionalismo\/","title":{"rendered":"La tribu can\u00edbal. Un recorrido por la violencia nacionalista en el Pa\u00eds Vasco"},"content":{"rendered":"<p><strong><em>La tribu can\u00edbal <\/em><\/strong>es un ensayo pol\u00edtico que realiza un recorrido por la violencia aberzale a partir del asesinato de Miguel \u00c1ngel Blanco.<\/p>\n<p>El autor parte del vig\u00e9simo quinto aniversario de la muerte de Miguel \u00c1ngel Blanco para realizar un recorrido por la violencia nacionalista en el Pa\u00eds Vasco. La intenci\u00f3n es entender las claves de un presente que no solo no ha roto lazos con el terror sino que, en muchos aspectos, se presenta como su desenlace natural. La obra revisita algunos momentos decisivos, escruta los argumentarios en boga, reeval\u00faa las responsabilidades (individuales y colectivas) y restituye a las v\u00edctimas al lugar de justicia y dignidad del que han sido desalojadas.<\/p>\n<p><iframe loading=\"lazy\" title=\"YouTube video player\" src=\"https:\/\/www.youtube.com\/embed\/qe8bnwu2Jl4?si=C88KThuIykn931GN\" width=\"560\" height=\"315\" frameborder=\"0\" allowfullscreen=\"allowfullscreen\"><\/iframe><\/p>\n<h5><\/h5>\n<h5><strong>\u00bfPor qu\u00e9 este an\u00e1lisis sobre el fen\u00f3meno de ETA?<\/strong><\/h5>\n<p>Existen muy buenos libros sobre el fen\u00f3meno de ETA. \u00bfPor qu\u00e9 entonces incrementar la bibliograf\u00eda ya existente con uno que no aporta ninguna investigaci\u00f3n novedosa y que parte de lo ya sabido? Por dos motivos principales:<\/p>\n<ol>\n<li>Por la <strong>necesidad de ofrecer una visi\u00f3n de conjunto<\/strong>. Para obtenerla, el autor no duda en indagar acerca de la violencia, el miedo, la solidaridad, el poder o los universales de la naturaleza humana. En este sentido, puede considerarse una obra de<em> filosof\u00eda aplicada<\/em>. De manera colateral, ofrece un recorrido por los caminos fecundos y malogrados de nuestra todav\u00eda joven democracia, pues esta se ha erigido en gran medida como respuesta al desaf\u00edo terrorista de ETA.<\/li>\n<li>Por el prestigio \u2012hace no mucho impensable\u2012 que han alcanzado los administradores, directos o indirectos, del terror. Ninguna sociedad puede soportar esto sin da\u00f1ar su misma ra\u00edz humana (antropog\u00e9nica). En este sentido, el libro se suma a todas aquellas voces que impugnan este esc\u00e1ndalo moral y este fracaso civilizatorio. Quiz\u00e1s no sean muchas, pero es seguro que son las mejores. <strong>La intenci\u00f3n \u00faltima es animar a sumarse a otros<\/strong>. Para que \u2012como rezaba un lema de \u00a1Basta ya!\u2012 el crimen del silencio no se cometa gracias a nosotros ni en nuestro nombre.<\/li>\n<\/ol>\n\n\t\t\t<div class='et-tabs-container et_sliderfx_fade et_sliderauto_false et_sliderauto_speed_5000 et_slidertype_top_tabs'>\n\t\t\t\t<ul class='et-tabs-control'>\n\t\t\t<li><a href='#'>\n\t\t\t\n\t\t<\/a><\/li>\n\t\t<\/ul> \n\t\t<div class='et-tabs-content'>\n\t\t\t<div class='et-tabs-content-main-wrap'>\n\t\t\t\t<div class='et-tabs-content-wrapper'>\n\t\t\t\t\t<div class='et_slidecontent'>\n\t\t\t<h6><strong>Un libro a favor de la memoria restauradora de la justicia <\/strong><\/h6>\n<p>Probablemente ning\u00fan fen\u00f3meno ha marcado m\u00e1s el desarrollo de la democracia espa\u00f1ola que la existencia de ETA. De ah\u00ed que analizarlo exija hacer inmersi\u00f3n y balance de las diferentes maneras de afrontar el terrorismo a lo largo de este medio siglo. Hay razones para concluir, con Gil de Biedma, que es una \u201chistoria triste (\u2026) porque termina mal\u201d. Pero esto no debe dar pie a la resignaci\u00f3n sino al rechazo de que la vileza tenga la \u00faltima palabra. Este es el coraz\u00f3n \u2012en el sentido de centro y alma\u2012 de este libro. El autor parte del vig\u00e9simo quinto aniversario de la muerte de Miguel \u00c1ngel Blanco para realizar un recorrido por la violencia nacionalista en el Pa\u00eds Vasco. La intenci\u00f3n es entender las claves de un presente que no solo no ha roto lazos con el terror sino que, en muchos aspectos, se presenta como su desenlace natural. La obra revisita algunos momentos decisivos, escruta los argumentarios en boga, reeval\u00faa las responsabilidades (individuales y colectivas) y restituye a las v\u00edctimas al lugar de justicia y dignidad que les corresponde.\n\t\t<\/div>\n\t\t\t\t<\/div>\n\t\t\t<\/div>\n\t\t<\/div>\n\t\t\t<\/div>\n<h6><\/h6>\n<h6><strong>Puede ver el \u00edndice completo y las primeras p\u00e1ginas en este visor. Tambi\u00e9n podr\u00e1 descargar estas p\u00e1ginas y compartirlas con otros lectores:<\/strong><\/h6>\n<p>&nbsp;<\/p>\n<p><iframe class=\"fp-iframe\" style=\"border: 1px solid lightgray; width: 100%; height: 600px;\" src=\"https:\/\/editorialalegoria.hflip.co\/3098d448d8.html\" scrolling=\"no\" allowfullscreen=\"allowfullscreen\"><\/iframe><\/p>\n<h4><\/h4>\n<h4><strong>Entradas en prensa y redes<\/strong><\/h4>\n<ul>\n<li class=\"tno-subjetivo-single__article__header__title\"><strong>Fernando Savater<\/strong>. <em>Para saber d\u00f3nde pisamos. <a href=\"https:\/\/theobjective.com\/elsubjetivo\/opinion\/2024-12-22\/para-saber-donde-pisamos\/\" class=\"icon-button download-icon\" target=\"_blank\" rel=\"noopener\">Ir a la web<span class='et-icon'><\/span><\/a>\u00a0<\/em><\/li>\n<li><strong>Pedro de Tena<\/strong>.\u00a0 <em>La tribu can\u00edbal, de Carlos R. Estacio<\/em>. <a href=\"https:\/\/youtu.be\/esBOZa5ccWU?feature=shared\" class=\"icon-button download-icon\" target=\"_blank\" rel=\"noopener\">Ir al v\u00eddeo<span class='et-icon'><\/span><\/a><\/li>\n<li><strong>Pedro de Tena<\/strong>.\u00a0 <em>La tribu can\u00edbal: matar no debe ser rentable en una democracia<\/em>. <a href=\"https:\/\/www.clublibertaddigital.com\/ideas\/tribuna\/2025-01-25\/pedro-de-tena-la-tribu-canibal-matar-no-debe-ser-rentable-en-una-democracia-7211003\/#comments7211003\" class=\"icon-button download-icon\" target=\"_blank\" rel=\"noopener\">Ir a la web<span class='et-icon'><\/span><\/a><\/li>\n<li><strong>Omar Jerez<\/strong>. <em>La tribu can\u00edbal. <a href=\"https:\/\/www.mundoclasico.com\/articulo\/42804\/La-tribu-can%C3%ADbal?fbclid=IwY2xjawI5CLZleHRuA2FlbQIxMQABHbn4I2EbNPVsOFxRpOvil8zFO0ISckL9blBWO48wmxo7nEfmHJnmTdwPeA_aem_n2KMZNR6qBGY0TnqD9pvrA\" class=\"icon-button download-icon\" target=\"_blank\" rel=\"noopener\">Ir a la web<span class='et-icon'><\/span><\/a> \u00a0<\/em><\/li>\n<\/ul>\n<p>&nbsp;<\/p>\n<h4><strong>Ampliaci\u00f3n y actualizaciones del libro <em>La tribu can\u00edbal<\/em><\/strong><\/h4>\n<h6>Blog de Carlos R. Estacio <a href=\"https:\/\/trescatorce15926.wordpress.com\/la-tribu-canibal\/\" class=\"icon-button download-icon\" target=\"_blank\" rel=\"noopener\">Ir al blog<span class='et-icon'><\/span><\/a><\/h6>\n<p>&nbsp;<\/p>\n<p>&nbsp;<\/p>\n<h4><strong>Presentaciones del libro <em>La tribu can\u00edbal<\/em><\/strong><\/h4>\n<p>&nbsp;<\/p>\n<h5><strong>SEVILLA: 22 de abril de 2025<\/strong><\/h5>\n<p>&nbsp;<\/p>\n<p><a href=\"https:\/\/editorialalegoria.com\/web\/wp-content\/uploads\/Carpeta-Tarjeta-invitacion_LA-TRIBU-CANIBAL_Sevilla-22-abril-2025.jpg\"><img loading=\"lazy\" decoding=\"async\" class=\"wp-image-223574 alignleft\" src=\"https:\/\/editorialalegoria.com\/web\/wp-content\/uploads\/Carpeta-Tarjeta-invitacion_LA-TRIBU-CANIBAL_Sevilla-22-abril-2025.jpg\" alt=\"\" width=\"459\" height=\"768\" title=\"\"><\/a><a href=\"https:\/\/editorialalegoria.com\/web\/wp-content\/uploads\/DOSSIER-LA-TRIBU-CANIBAL4-scaled.jpg\"><img loading=\"lazy\" decoding=\"async\" class=\"wp-image-223673 alignnone\" src=\"https:\/\/editorialalegoria.com\/web\/wp-content\/uploads\/DOSSIER-LA-TRIBU-CANIBAL4-724x1024.jpg\" alt=\"\" width=\"452\" height=\"641\" title=\"\"><\/a><a href=\"https:\/\/editorialalegoria.com\/web\/wp-content\/uploads\/Carpeta-Tarjeta-invitacion_LA-TRIBU-CANIBAL_Sevilla-22-abril-2025.jpg\">\u00a0<\/a><\/p>\n<p>&nbsp;<\/p>\n<p>En la presentaci\u00f3n de Sevilla, el autor estuvo arropado por tres personas brillantes y valientes.<\/p>\n<p><iframe loading=\"lazy\" title=\"Sevilla. Resumen de la presentaci\u00f3n de &quot;La tribu can\u00edbal&quot;. Carlos R. Estacio. Editorial Alegor\u00eda\" width=\"1080\" height=\"608\" src=\"https:\/\/www.youtube.com\/embed\/ycVJzgAqHyA?feature=oembed\"  allow=\"accelerometer; autoplay; clipboard-write; encrypted-media; gyroscope; picture-in-picture; web-share\" referrerpolicy=\"strict-origin-when-cross-origin\" allowfullscreen><\/iframe><\/p>\n<p>De izquierda a derecha: Daniel Portero, Carlos Rodr\u00edguez Estacio, Pedro de Tena, Fabi\u00e1n Rodr\u00edguez.<\/p>\n<p><em>Gracias<\/em>.<\/p>\n<h5><strong>MADRID: 19 de junio de 2025<\/strong><\/h5>\n<p><a href=\"https:\/\/editorialalegoria.com\/web\/wp-content\/uploads\/Madrid-Tarjeta-invitacion_LA-TRIBU-CANIBAL_19-junio-2025.jpg\"><br \/>\n<\/a><a href=\"https:\/\/editorialalegoria.com\/web\/wp-content\/uploads\/Madrid-Tarjeta-invitacion_LA-TRIBU-CANIBAL_19-junio-2025-1.jpg\"><img loading=\"lazy\" decoding=\"async\" class=\"wp-image-223680 alignleft\" src=\"https:\/\/editorialalegoria.com\/web\/wp-content\/uploads\/Madrid-Tarjeta-invitacion_LA-TRIBU-CANIBAL_19-junio-2025-1-732x1024.jpg\" alt=\"\" width=\"565\" height=\"852\" title=\"\"><\/a><\/p>\n<p><strong><span style=\"color: #339966;\">Fundaci\u00f3n Universitaria Espa\u00f1ola<\/span><\/strong><\/p>\n<p><strong><span style=\"color: #339966;\"> Jueves 19 de junio de 2025, 19:30h<\/span><\/strong><\/p>\n<p><strong><span style=\"color: #339966;\">Acompa\u00f1ar\u00e1 al autor: <\/span><span style=\"color: #339966;\">Jaime Mayor Oreja\u00a0<\/span><\/strong><br \/>\n<strong><span style=\"color: #339966;\">Conducir\u00e1 el acto: <\/span><span style=\"color: #339966;\">Daniel Portero de la Torre<\/span><\/strong><\/p>\n<p>&nbsp;<\/p>\n<p>&nbsp;<\/p>\n<p>&nbsp;<\/p>\n<p>&nbsp;<\/p>\n<p>&nbsp;<\/p>\n<p>&nbsp;<\/p>\n<p>&nbsp;<\/p>\n<p>&nbsp;<\/p>\n<p>&nbsp;<\/p>\n<p>&nbsp;<\/p>\n<p>&nbsp;<\/p>\n<p>&nbsp;<\/p>\n<p>&nbsp;<\/p>\n<p>&nbsp;<\/p>\n<h5><strong>Precios de venta:<\/strong><\/h5>\n<p>Precio web: 24 \u20ac (incluye el env\u00edo por mensajer\u00eda; s\u00f3lo hacemos env\u00edos dentro de la Pen\u00ednsula).<br \/>\nPrecio librer\u00edas: 28 \u20ac<\/p>\n<p>&nbsp;<\/p>\n<p>&nbsp;<\/p>\n","protected":false},"excerpt":{"rendered":"<p>Ensayo cr\u00edtico acerca de las violencias nacionalistas en el Pa\u00eds Vasco y su herencia en la pol\u00edtica actual.<\/p>\n","protected":false},"featured_media":223491,"template":"","meta":{"_et_pb_use_builder":"","_et_pb_old_content":"","_et_gb_content_width":""},"product_brand":[],"product_cat":[177,145],"product_tag":[169],"class_list":{"0":"post-223478","1":"product","2":"type-product","3":"status-publish","4":"has-post-thumbnail","6":"product_cat-el-gato-subjetivo","7":"product_cat-ensayo-pensamiento","8":"product_tag-recomendado","9":"product_shipping_class-standard-shipping","11":"first","12":"instock","13":"purchasable","14":"product-type-simple"},"_links":{"self":[{"href":"https:\/\/editorialalegoria.com\/web\/wp-json\/wp\/v2\/product\/223478","targetHints":{"allow":["GET"]}}],"collection":[{"href":"https:\/\/editorialalegoria.com\/web\/wp-json\/wp\/v2\/product"}],"about":[{"href":"https:\/\/editorialalegoria.com\/web\/wp-json\/wp\/v2\/types\/product"}],"wp:featuredmedia":[{"embeddable":true,"href":"https:\/\/editorialalegoria.com\/web\/wp-json\/wp\/v2\/media\/223491"}],"wp:attachment":[{"href":"https:\/\/editorialalegoria.com\/web\/wp-json\/wp\/v2\/media?parent=223478"}],"wp:term":[{"taxonomy":"product_brand","embeddable":true,"href":"https:\/\/editorialalegoria.com\/web\/wp-json\/wp\/v2\/product_brand?post=223478"},{"taxonomy":"product_cat","embeddable":true,"href":"https:\/\/editorialalegoria.com\/web\/wp-json\/wp\/v2\/product_cat?post=223478"},{"taxonomy":"product_tag","embeddable":true,"href":"https:\/\/editorialalegoria.com\/web\/wp-json\/wp\/v2\/product_tag?post=223478"}],"curies":[{"name":"wp","href":"https:\/\/api.w.org\/{rel}","templated":true}]}}